{"id":829,"date":"2018-10-25T19:35:42","date_gmt":"2018-10-25T22:35:42","guid":{"rendered":"http:\/\/www.tecma-tecnologia.com.br\/web\/?page_id=829"},"modified":"2020-01-06T10:29:42","modified_gmt":"2020-01-06T13:29:42","slug":"reuso-em-shoppings","status":"publish","type":"page","link":"https:\/\/www.tecma-tecnologia.com.br\/web\/engenharia\/efluentes-industriais\/reuso-em-shoppings\/","title":{"rendered":"Shoppings"},"content":{"rendered":"<p><div class=\"fusion-fullwidth fullwidth-box nonhundred-percent-fullwidth non-hundred-percent-height-scrolling\"  style='background-color: rgba(255,255,255,0);background-position: center center;background-repeat: no-repeat;padding-top:0px;padding-right:0px;padding-bottom:0px;padding-left:0px;'><div class=\"fusion-builder-row fusion-row \"><div  class=\"fusion-layout-column fusion_builder_column fusion_builder_column_1_1  fusion-one-full fusion-column-first fusion-column-last 1_1\"  style='margin-top:0px;margin-bottom:0px;'>\n\t\t\t\t\t<div class=\"fusion-column-wrapper\" style=\"padding: 15px 0px 0px 0px;background-position:left top;background-repeat:no-repeat;-webkit-background-size:cover;-moz-background-size:cover;-o-background-size:cover;background-size:cover;\"  data-bg-url=\"\">\n\t\t\t\t\t\t<div class=\"fusion-title title fusion-sep-none fusion-title-size-four\" style=\"margin-top:0px;margin-bottom:31px;\"><h4 class=\"title-heading-left\"><h2 style=\"text-align: left;\"><strong>SHOPPINGS, PR\u00c9DIOS COMERCIAIS E <\/strong><strong>CONSTRU\u00c7\u00c3O CIVIL<\/strong><\/h2><\/h4><\/div><div class=\"fusion-clearfix\"><\/div>\n\n\t\t\t\t\t<\/div>\n\t\t\t\t<\/div><\/div><\/div><div class=\"fusion-fullwidth fullwidth-box nonhundred-percent-fullwidth non-hundred-percent-height-scrolling\"  style='background-color: rgba(255,255,255,0);background-position: center center;background-repeat: no-repeat;padding-top:0px;padding-right:0px;padding-bottom:0px;padding-left:0px;'><div class=\"fusion-builder-row fusion-row \"><div  class=\"fusion-layout-column fusion_builder_column fusion_builder_column_1_1  fusion-one-full fusion-column-first fusion-column-last 1_1\"  style='margin-top:0px;margin-bottom:20px;'>\n\t\t\t\t\t<div class=\"fusion-column-wrapper\" style=\"padding: 0px 0px 0px 0px;background-position:left top;background-repeat:no-repeat;-webkit-background-size:cover;-moz-background-size:cover;-o-background-size:cover;background-size:cover;\"  data-bg-url=\"\">\n\t\t\t\t\t\t<div class=\"fusion-text\"><h4><\/h4>\n<h4><img decoding=\"async\" class=\"alignnone wp-image-1914\" src=\"https:\/\/www.tecma-tecnologia.com.br\/web\/wp-content\/uploads\/2019\/08\/industria-tcivil-300x112.jpg\" alt=\"\" width=\"892\" height=\"333\" srcset=\"https:\/\/www.tecma-tecnologia.com.br\/web\/wp-content\/uploads\/2019\/08\/industria-tcivil-200x74.jpg 200w, https:\/\/www.tecma-tecnologia.com.br\/web\/wp-content\/uploads\/2019\/08\/industria-tcivil-300x112.jpg 300w, https:\/\/www.tecma-tecnologia.com.br\/web\/wp-content\/uploads\/2019\/08\/industria-tcivil-400x149.jpg 400w, https:\/\/www.tecma-tecnologia.com.br\/web\/wp-content\/uploads\/2019\/08\/industria-tcivil-600x223.jpg 600w, https:\/\/www.tecma-tecnologia.com.br\/web\/wp-content\/uploads\/2019\/08\/industria-tcivil-700x261.jpg 700w, https:\/\/www.tecma-tecnologia.com.br\/web\/wp-content\/uploads\/2019\/08\/industria-tcivil-768x286.jpg 768w, https:\/\/www.tecma-tecnologia.com.br\/web\/wp-content\/uploads\/2019\/08\/industria-tcivil-800x298.jpg 800w, https:\/\/www.tecma-tecnologia.com.br\/web\/wp-content\/uploads\/2019\/08\/industria-tcivil-1024x381.jpg 1024w, https:\/\/www.tecma-tecnologia.com.br\/web\/wp-content\/uploads\/2019\/08\/industria-tcivil.jpg 1166w\" sizes=\"(max-width: 892px) 100vw, 892px\" \/><\/h4>\n<h4><\/h4>\n<h3><strong>Solu\u00e7\u00f5es para \u00c1gua e Efluentes em <\/strong><strong>Shoppings,<\/strong><strong> Pr\u00e9dios Comerciais, Resorts e na Constru\u00e7\u00e3o Civil<\/strong><\/h3>\n<ul>\n<li>Esta\u00e7\u00e3o de tratamento de \u00c1gua<\/li>\n<li>Esta\u00e7\u00e3o de tratamento de Esgoto<\/li>\n<li>Esta\u00e7\u00e3o de tratamento para \u00c1guas Cinzas<\/li>\n<li>\u00c1gua industrial para torres de resfriamento<\/li>\n<li>Re\u00faso de \u00c1gua &#8211; lagos, parques e jardins, bacias sanit\u00e1rias e diversas outras utiliza\u00e7\u00f5es.<\/li>\n<li>Al\u00e9m de nossos equipamentos e customiza\u00e7\u00e3o de projetos para tratamento de efluentes industriais.<\/li>\n<\/ul>\n<p>A maioria dos projetos realizados nesses setores tem origem sanit\u00e1ria com objetivos tratar o esgoto\u00a0 e muitas das vezes realizar o re\u00faso da \u00e1gua. O re\u00faso pode ser empregado nas \u00e1guas de amassamento de concreto, lavagem de pisos, bacias sanit\u00e1rias, jardins e torres de resfriamento .<\/p>\n<p>Dependendo do prop\u00f3sito do re\u00faso diversos processos s\u00e3o aplicados para compor um sistema de tratamento.<\/p>\n<p><strong>Re\u00faso em shoppings<\/strong><\/p>\n<p>O Shopping por se tratar de um ambiente com grande circula\u00e7\u00e3o \u00e9 de extrema import\u00e2ncia o Re\u00faso de \u00e1gua nesses ambientes para minimizar o desperd\u00edcio e a evas\u00e3o de \u00e1gua contaminada sem o desepejo idela. al\u00e9m do que o re\u00faso em shoppings tem se mostrado uma boa alternativa para esses estabelecimentos, devido a ser considerado uma solu\u00e7\u00e3o que traz bons resultados tanto para o meio ambiente quanto para a imagem p\u00fablico do shopping<\/p>\n<p>Sigam a\u00a0<a href=\"https:\/\/www.tecma-tecnologia.com.br\/web\/\">Tecma<\/a> em todas as nossas plataformas digitais<\/p>\n<p><a href=\"https:\/\/www.instagram.com\/tecmatecnologia\/\">INSTAGRAM TECMA<\/a><\/p>\n<p><a href=\"https:\/\/web.facebook.com\/tecmatecnologia\/?_rdc=1&amp;_rdr\">FACEBOOK TECMA<\/a><\/p>\n<p><a href=\"https:\/\/www.linkedin.com\/company\/934510\/\">LINKEDIN TECMA<\/a><\/p>\n<\/div><div class=\"fusion-sep-clear\"><\/div><div class=\"fusion-separator fusion-full-width-sep sep-none\" style=\"margin-left: auto;margin-right: auto;margin-top:;\"><\/div>\n<div class=\"table-1\">\n<table width=\"100%\">\n<thead>\n<tr>\n<th align=\"left\"><strong>Re\u00faso em bacias Sanit\u00e1rias<\/strong><\/th>\n<th align=\"left\"><strong>Re\u00faso em jardins e lavagem de Pisos<\/strong><\/th>\n<th align=\"left\"><strong>Re\u00faso em Torres de Resfriamento<\/strong><\/th>\n<\/tr>\n<\/thead>\n<tbody>\n<tr>\n<td align=\"left\">Preliminar (equaliza\u00e7\u00e3o, Peneiramento);<\/p>\n<p>*Prim\u00e1rio (clarifica\u00e7\u00e3o f\u00edsico-qu\u00edmica ou flota\u00e7\u00e3o na necessidade de alto teor de \u00f3leos, graxas e gorduras)<\/p>\n<p>Secund\u00e1rio seguido de membranas de ultrafiltra\u00e7\u00e3o (lodos ativados)<\/td>\n<td align=\"left\">Preliminar (equaliza\u00e7\u00e3o, Peneiramento);<\/p>\n<p><span style=\"font-family: inherit; font-size: inherit;\">Secund\u00e1rio(lodos ativados) seguido de membranas de ultrafiltra\u00e7\u00e3o. <\/span><\/td>\n<td align=\"left\">Preliminar (equaliza\u00e7\u00e3o, Peneiramento);<\/p>\n<p>*Prim\u00e1rio (clarifica\u00e7\u00e3o f\u00edsico-qu\u00edmica ou flota\u00e7\u00e3o na necessidade de alto teor de gorduras)<\/p>\n<p>Secund\u00e1rio(lodos ativados) seguido de membranas de ultrafiltra\u00e7\u00e3o.<\/p>\n<p>Polimento com membranas de osmose reversa<\/td>\n<\/tr>\n<\/tbody>\n<\/table>\n<\/div>\n<div class=\"fusion-sep-clear\"><\/div><div class=\"fusion-separator fusion-full-width-sep sep-none\" style=\"margin-left: auto;margin-right: auto;margin-top:;\"><\/div><span class=\"fusion-imageframe imageframe-none imageframe-1 hover-type-none\"><a class=\"fusion-no-lightbox\" href=\"https:\/\/www.tecma-tecnologia.com.br\/web\/pt\/solucoes\/linha-de-produtos-tecma\/\" target=\"_self\" aria-label=\"Animated GIF-downsized_large (1)\"><img fetchpriority=\"high\" fetchpriority=\"high\" decoding=\"async\" src=\"https:\/\/www.tecma-tecnologia.com.br\/web\/wp-content\/uploads\/2018\/12\/animated-gif-downsized-large-1.gif\" width=\"480\" height=\"360\" alt=\"\" class=\"img-responsive wp-image-1433\"\/><\/a><\/span><div class=\"fusion-clearfix\"><\/div>\n\n\t\t\t\t\t<\/div>\n\t\t\t\t<\/div><\/div><\/div><\/p>\n","protected":false},"excerpt":{"rendered":"","protected":false},"author":1,"featured_media":0,"parent":203,"menu_order":0,"comment_status":"closed","ping_status":"closed","template":"","meta":{"_mi_skip_tracking":false,"spay_email":"","footnotes":""},"class_list":["post-829","page","type-page","status-publish","hentry"],"yoast_head":"<!-- This site is optimized with the Yoast SEO plugin v20.2.1 - https:\/\/yoast.com\/wordpress\/plugins\/seo\/ -->\n<title>Re\u00faso em Shoppings - Pr\u00e9dios Comerciais | TECMA TECNOLOGIA<\/title>\n<meta name=\"description\" content=\"Saiba qual o melhor processo de tratamento para o re\u00faso de \u00e1gua em shoppings, pr\u00e9dios comerciais e na constru\u00e7\u00e3o civil em geral.\" \/>\n<meta name=\"robots\" content=\"index, follow, max-snippet:-1, max-image-preview:large, max-video-preview:-1\" \/>\n<link rel=\"canonical\" href=\"https:\/\/www.tecma-tecnologia.com.br\/web\/engenharia\/efluentes-industriais\/reuso-em-shoppings\/\" \/>\n<meta property=\"og:locale\" content=\"pt_BR\" \/>\n<meta property=\"og:type\" content=\"article\" \/>\n<meta property=\"og:title\" content=\"Re\u00faso em Shoppings - Pr\u00e9dios Comerciais | TECMA TECNOLOGIA\" \/>\n<meta property=\"og:description\" content=\"Saiba qual o melhor processo de tratamento para o re\u00faso de \u00e1gua em shoppings, pr\u00e9dios comerciais e na constru\u00e7\u00e3o civil em geral.\" \/>\n<meta property=\"og:url\" content=\"https:\/\/www.tecma-tecnologia.com.br\/web\/engenharia\/efluentes-industriais\/reuso-em-shoppings\/\" \/>\n<meta property=\"og:site_name\" content=\"TECMA Tecnologia\" \/>\n<meta property=\"article:modified_time\" content=\"2020-01-06T13:29:42+00:00\" \/>\n<meta property=\"og:image\" content=\"https:\/\/www.tecma-tecnologia.com.br\/web\/wp-content\/uploads\/2019\/08\/industria-tcivil-300x112.jpg\" \/>\n<meta name=\"twitter:card\" content=\"summary_large_image\" \/>\n<meta name=\"twitter:label1\" content=\"Est. tempo de leitura\" \/>\n\t<meta name=\"twitter:data1\" content=\"4 minutos\" \/>\n<script type=\"application\/ld+json\" class=\"yoast-schema-graph\">{\"@context\":\"https:\/\/schema.org\",\"@graph\":[{\"@type\":\"WebPage\",\"@id\":\"https:\/\/www.tecma-tecnologia.com.br\/web\/engenharia\/efluentes-industriais\/reuso-em-shoppings\/\",\"url\":\"https:\/\/www.tecma-tecnologia.com.br\/web\/engenharia\/efluentes-industriais\/reuso-em-shoppings\/\",\"name\":\"Re\u00faso em Shoppings - Pr\u00e9dios Comerciais | TECMA TECNOLOGIA\",\"isPartOf\":{\"@id\":\"https:\/\/www.tecma-tecnologia.com.br\/web\/#website\"},\"datePublished\":\"2018-10-25T22:35:42+00:00\",\"dateModified\":\"2020-01-06T13:29:42+00:00\",\"description\":\"Saiba qual o melhor processo de tratamento para o re\u00faso de \u00e1gua em shoppings, pr\u00e9dios comerciais e na constru\u00e7\u00e3o civil em geral.\",\"breadcrumb\":{\"@id\":\"https:\/\/www.tecma-tecnologia.com.br\/web\/engenharia\/efluentes-industriais\/reuso-em-shoppings\/#breadcrumb\"},\"inLanguage\":\"pt-BR\",\"potentialAction\":[{\"@type\":\"ReadAction\",\"target\":[\"https:\/\/www.tecma-tecnologia.com.br\/web\/engenharia\/efluentes-industriais\/reuso-em-shoppings\/\"]}]},{\"@type\":\"BreadcrumbList\",\"@id\":\"https:\/\/www.tecma-tecnologia.com.br\/web\/engenharia\/efluentes-industriais\/reuso-em-shoppings\/#breadcrumb\",\"itemListElement\":[{\"@type\":\"ListItem\",\"position\":1,\"name\":\"Home\",\"item\":\"https:\/\/www.tecma-tecnologia.com.br\/web\/\"},{\"@type\":\"ListItem\",\"position\":2,\"name\":\"Engenharia\",\"item\":\"https:\/\/www.tecma-tecnologia.com.br\/web\/engenharia\/\"},{\"@type\":\"ListItem\",\"position\":3,\"name\":\"Tratamento de Efluentes Industriais\",\"item\":\"https:\/\/www.tecma-tecnologia.com.br\/web\/engenharia\/efluentes-industriais\/\"},{\"@type\":\"ListItem\",\"position\":4,\"name\":\"Shoppings\"}]},{\"@type\":\"WebSite\",\"@id\":\"https:\/\/www.tecma-tecnologia.com.br\/web\/#website\",\"url\":\"https:\/\/www.tecma-tecnologia.com.br\/web\/\",\"name\":\"TECMA Tecnologia\",\"description\":\"\",\"potentialAction\":[{\"@type\":\"SearchAction\",\"target\":{\"@type\":\"EntryPoint\",\"urlTemplate\":\"https:\/\/www.tecma-tecnologia.com.br\/web\/?s={search_term_string}\"},\"query-input\":\"required name=search_term_string\"}],\"inLanguage\":\"pt-BR\"}]}<\/script>\n<!-- \/ Yoast SEO plugin. -->","yoast_head_json":{"title":"Re\u00faso em Shoppings - Pr\u00e9dios Comerciais | TECMA TECNOLOGIA","description":"Saiba qual o melhor processo de tratamento para o re\u00faso de \u00e1gua em shoppings, pr\u00e9dios comerciais e na constru\u00e7\u00e3o civil em geral.","robots":{"index":"index","follow":"follow","max-snippet":"max-snippet:-1","max-image-preview":"max-image-preview:large","max-video-preview":"max-video-preview:-1"},"canonical":"https:\/\/www.tecma-tecnologia.com.br\/web\/engenharia\/efluentes-industriais\/reuso-em-shoppings\/","og_locale":"pt_BR","og_type":"article","og_title":"Re\u00faso em Shoppings - Pr\u00e9dios Comerciais | TECMA TECNOLOGIA","og_description":"Saiba qual o melhor processo de tratamento para o re\u00faso de \u00e1gua em shoppings, pr\u00e9dios comerciais e na constru\u00e7\u00e3o civil em geral.","og_url":"https:\/\/www.tecma-tecnologia.com.br\/web\/engenharia\/efluentes-industriais\/reuso-em-shoppings\/","og_site_name":"TECMA Tecnologia","article_modified_time":"2020-01-06T13:29:42+00:00","og_image":[{"url":"https:\/\/www.tecma-tecnologia.com.br\/web\/wp-content\/uploads\/2019\/08\/industria-tcivil-300x112.jpg"}],"twitter_card":"summary_large_image","twitter_misc":{"Est. tempo de leitura":"4 minutos"},"schema":{"@context":"https:\/\/schema.org","@graph":[{"@type":"WebPage","@id":"https:\/\/www.tecma-tecnologia.com.br\/web\/engenharia\/efluentes-industriais\/reuso-em-shoppings\/","url":"https:\/\/www.tecma-tecnologia.com.br\/web\/engenharia\/efluentes-industriais\/reuso-em-shoppings\/","name":"Re\u00faso em Shoppings - Pr\u00e9dios Comerciais | TECMA TECNOLOGIA","isPartOf":{"@id":"https:\/\/www.tecma-tecnologia.com.br\/web\/#website"},"datePublished":"2018-10-25T22:35:42+00:00","dateModified":"2020-01-06T13:29:42+00:00","description":"Saiba qual o melhor processo de tratamento para o re\u00faso de \u00e1gua em shoppings, pr\u00e9dios comerciais e na constru\u00e7\u00e3o civil em geral.","breadcrumb":{"@id":"https:\/\/www.tecma-tecnologia.com.br\/web\/engenharia\/efluentes-industriais\/reuso-em-shoppings\/#breadcrumb"},"inLanguage":"pt-BR","potentialAction":[{"@type":"ReadAction","target":["https:\/\/www.tecma-tecnologia.com.br\/web\/engenharia\/efluentes-industriais\/reuso-em-shoppings\/"]}]},{"@type":"BreadcrumbList","@id":"https:\/\/www.tecma-tecnologia.com.br\/web\/engenharia\/efluentes-industriais\/reuso-em-shoppings\/#breadcrumb","itemListElement":[{"@type":"ListItem","position":1,"name":"Home","item":"https:\/\/www.tecma-tecnologia.com.br\/web\/"},{"@type":"ListItem","position":2,"name":"Engenharia","item":"https:\/\/www.tecma-tecnologia.com.br\/web\/engenharia\/"},{"@type":"ListItem","position":3,"name":"Tratamento de Efluentes Industriais","item":"https:\/\/www.tecma-tecnologia.com.br\/web\/engenharia\/efluentes-industriais\/"},{"@type":"ListItem","position":4,"name":"Shoppings"}]},{"@type":"WebSite","@id":"https:\/\/www.tecma-tecnologia.com.br\/web\/#website","url":"https:\/\/www.tecma-tecnologia.com.br\/web\/","name":"TECMA Tecnologia","description":"","potentialAction":[{"@type":"SearchAction","target":{"@type":"EntryPoint","urlTemplate":"https:\/\/www.tecma-tecnologia.com.br\/web\/?s={search_term_string}"},"query-input":"required name=search_term_string"}],"inLanguage":"pt-BR"}]}},"_links":{"self":[{"href":"https:\/\/www.tecma-tecnologia.com.br\/web\/wp-json\/wp\/v2\/pages\/829","targetHints":{"allow":["GET"]}}],"collection":[{"href":"https:\/\/www.tecma-tecnologia.com.br\/web\/wp-json\/wp\/v2\/pages"}],"about":[{"href":"https:\/\/www.tecma-tecnologia.com.br\/web\/wp-json\/wp\/v2\/types\/page"}],"author":[{"embeddable":true,"href":"https:\/\/www.tecma-tecnologia.com.br\/web\/wp-json\/wp\/v2\/users\/1"}],"replies":[{"embeddable":true,"href":"https:\/\/www.tecma-tecnologia.com.br\/web\/wp-json\/wp\/v2\/comments?post=829"}],"version-history":[{"count":3,"href":"https:\/\/www.tecma-tecnologia.com.br\/web\/wp-json\/wp\/v2\/pages\/829\/revisions"}],"predecessor-version":[{"id":3566,"href":"https:\/\/www.tecma-tecnologia.com.br\/web\/wp-json\/wp\/v2\/pages\/829\/revisions\/3566"}],"up":[{"embeddable":true,"href":"https:\/\/www.tecma-tecnologia.com.br\/web\/wp-json\/wp\/v2\/pages\/203"}],"wp:attachment":[{"href":"https:\/\/www.tecma-tecnologia.com.br\/web\/wp-json\/wp\/v2\/media?parent=829"}],"curies":[{"name":"wp","href":"https:\/\/api.w.org\/{rel}","templated":true}]}}