{"id":824,"date":"2018-10-25T19:31:20","date_gmt":"2018-10-25T22:31:20","guid":{"rendered":"http:\/\/www.tecma-tecnologia.com.br\/web\/?page_id=824"},"modified":"2020-01-06T12:07:22","modified_gmt":"2020-01-06T15:07:22","slug":"solucoes-ambientais-logistica","status":"publish","type":"page","link":"https:\/\/www.tecma-tecnologia.com.br\/web\/engenharia\/efluentes-industriais\/solucoes-ambientais-logistica\/","title":{"rendered":"Log\u00edstica (Terminais Portu\u00e1rios)"},"content":{"rendered":"<p><div class=\"fusion-fullwidth fullwidth-box nonhundred-percent-fullwidth non-hundred-percent-height-scrolling\"  style='background-color: rgba(255,255,255,0);background-position: center center;background-repeat: no-repeat;padding-top:0px;padding-right:0px;padding-bottom:0px;padding-left:0px;'><div class=\"fusion-builder-row fusion-row \"><div  class=\"fusion-layout-column fusion_builder_column fusion_builder_column_2_3  fusion-two-third fusion-column-first 2_3\"  style='margin-top:0px;margin-bottom:0px;width:66.66%;width:calc(66.66% - ( ( 4% ) * 0.6666 ) );margin-right: 4%;'>\n\t\t\t\t\t<div class=\"fusion-column-wrapper\" style=\"padding: 0px 0px 0px 0px;background-position:left top;background-repeat:no-repeat;-webkit-background-size:cover;-moz-background-size:cover;-o-background-size:cover;background-size:cover;\"  data-bg-url=\"\">\n\t\t\t\t\t\t<div class=\"fusion-title title fusion-sep-none fusion-title-size-one\" style=\"margin-top:0px;margin-bottom:31px;\"><h1 class=\"title-heading-left\">Sistemas de Tratamento<\/h1><\/div><div class=\"fusion-clearfix\"><\/div>\n\n\t\t\t\t\t<\/div>\n\t\t\t\t<\/div><div  class=\"fusion-layout-column fusion_builder_column fusion_builder_column_1_3  fusion-one-third fusion-column-last 1_3\"  style='margin-top:0px;margin-bottom:0px;width:33.33%;width:calc(33.33% - ( ( 4% ) * 0.3333 ) );'>\n\t\t\t\t\t<div class=\"fusion-column-wrapper\" style=\"padding: 15px 0px 0px 0px;background-position:left top;background-repeat:no-repeat;-webkit-background-size:cover;-moz-background-size:cover;-o-background-size:cover;background-size:cover;\"  data-bg-url=\"\">\n\t\t\t\t\t\t<div class=\"fusion-title title fusion-sep-none fusion-title-size-four\" style=\"margin-top:0px;margin-bottom:31px;\"><h4 class=\"title-heading-left\"><p style=\"text-align: left;\"><strong>LOG\u00cdSTICA<\/strong><\/p><\/h4><\/div><div class=\"fusion-clearfix\"><\/div>\n\n\t\t\t\t\t<\/div>\n\t\t\t\t<\/div><\/div><\/div><div class=\"fusion-fullwidth fullwidth-box nonhundred-percent-fullwidth non-hundred-percent-height-scrolling\"  style='background-color: rgba(255,255,255,0);background-position: center center;background-repeat: no-repeat;padding-top:0px;padding-right:0px;padding-bottom:0px;padding-left:0px;'><div class=\"fusion-builder-row fusion-row \"><div  class=\"fusion-layout-column fusion_builder_column fusion_builder_column_1_1  fusion-one-full fusion-column-first fusion-column-last 1_1\"  style='margin-top:0px;margin-bottom:20px;'>\n\t\t\t\t\t<div class=\"fusion-column-wrapper\" style=\"padding: 0px 0px 0px 0px;background-position:left top;background-repeat:no-repeat;-webkit-background-size:cover;-moz-background-size:cover;-o-background-size:cover;background-size:cover;\"  data-bg-url=\"\">\n\t\t\t\t\t\t<div class=\"fusion-text\"><div id=\"attachment_1917\" style=\"width: 907px\" class=\"wp-caption alignnone\"><img fetchpriority=\"high\" decoding=\"async\" aria-describedby=\"caption-attachment-1917\" class=\"wp-image-1917\" src=\"https:\/\/www.tecma-tecnologia.com.br\/web\/wp-content\/uploads\/2019\/08\/logis-300x112.jpg\" alt=\"esta\u00e7\u00e3o logistica\" width=\"897\" height=\"335\" srcset=\"https:\/\/www.tecma-tecnologia.com.br\/web\/wp-content\/uploads\/2019\/08\/logis-200x74.jpg 200w, https:\/\/www.tecma-tecnologia.com.br\/web\/wp-content\/uploads\/2019\/08\/logis-300x112.jpg 300w, https:\/\/www.tecma-tecnologia.com.br\/web\/wp-content\/uploads\/2019\/08\/logis-400x149.jpg 400w, https:\/\/www.tecma-tecnologia.com.br\/web\/wp-content\/uploads\/2019\/08\/logis-600x223.jpg 600w, https:\/\/www.tecma-tecnologia.com.br\/web\/wp-content\/uploads\/2019\/08\/logis-700x261.jpg 700w, https:\/\/www.tecma-tecnologia.com.br\/web\/wp-content\/uploads\/2019\/08\/logis-768x286.jpg 768w, https:\/\/www.tecma-tecnologia.com.br\/web\/wp-content\/uploads\/2019\/08\/logis-800x298.jpg 800w, https:\/\/www.tecma-tecnologia.com.br\/web\/wp-content\/uploads\/2019\/08\/logis-1024x381.jpg 1024w, https:\/\/www.tecma-tecnologia.com.br\/web\/wp-content\/uploads\/2019\/08\/logis.jpg 1166w\" sizes=\"(max-width: 897px) 100vw, 897px\" \/><p id=\"caption-attachment-1917\" class=\"wp-caption-text\">logistica e meio ambiente<\/p><\/div>\n<p>Terminais de Log\u00edstica<\/p>\n<p>Os Terminais de Log\u00edsticas s\u00e3o projetados para movimenta\u00e7\u00e3o, entre outros, de gran\u00e9is s\u00f3lidos, blocos de granito, cont\u00eaineres e cargas gerais. Diversos produtos est\u00e3o previstos para serem estocados em pilhas, tais como carv\u00e3o, bauxita, mangan\u00eas, coque de petr\u00f3leo, concentrados de zinco e cobre, min\u00e9rio de ferro ,carepa dependendo do tipo de terminal.<\/p>\n<p>Por serem estocados em p\u00e1tios, no per\u00edodo de chuvas ou pela aspers\u00e3o de \u00e1gua nas pilhas, as \u00e1guas em contato com o produto estocado formam um efluente contendo metais e cor. A \u00e1gua da drenagem pluvial representa a principal contribui\u00e7\u00e3o dos efluentes do p\u00e1tio, carregando consigo os diversos poluentes dos processos de carregamento, descarregamento e transporte.<\/p>\n<p>O tratamento dos efluentes dessas ind\u00fastrias s\u00e3o os compostos por processos f\u00edsico-qu\u00edmicos. O objetivo desses tratamentos \u00e9 precipitar diversos metais, na maioria das vezes realizado em 2 etapas de precipita\u00e7\u00e3o qu\u00edmica.<\/p>\n<p>Preliminar (equaliza\u00e7\u00e3o);<\/p>\n<p>Prim\u00e1rio (clarifica\u00e7\u00e3o\u00a0 f\u00edsico-qu\u00edmica em v\u00e1rias etapas dependendo dos compostos )<\/p>\n<p><strong>Solu\u00e7\u00f5es ambientais Log\u00edstica<\/strong><\/p>\n<p>S\u00e3o necess\u00e1rias <strong>Solu\u00e7\u00f5es ambientais Log\u00edstica <\/strong>para essa ind\u00fastria a fim de diminuir seu impacto no meio ambiente a tecma desenvolve solu\u00e7\u00f5es para todas as ind\u00fastrias, a nossa miss\u00e3o \u00e9 com o meio ambiente.<\/p>\n<h4>Obs. As efici\u00eancias do tratamento s\u00e3o vari\u00e1veis, dependendo das concentra\u00e7\u00f5es<\/h4>\n<p><strong><em>Confira nossa galeria de <u>cases<\/u>\u00a0 e <a href=\"https:\/\/www.tecma-tecnologia.com.br\/web\/pt\/projetos\/\">projetos<\/a> para log\u00edstica\u00a0\u00a0e nossa <u>linha de produtos<\/u>.<\/em><\/strong><\/p>\n<p>Sigam a\u00a0<a href=\"https:\/\/www.tecma-tecnologia.com.br\/web\/\">Tecma<\/a>\u00a0em todas as nossas plataformas<\/p>\n<p><a href=\"https:\/\/www.instagram.com\/tecmatecnologia\/\">INSTAGRAM TECMA<\/a><\/p>\n<p><a href=\"https:\/\/web.facebook.com\/tecmatecnologia\/?_rdc=1&amp;_rdr\">FACEBOOK TECMA<\/a><\/p>\n<p><a href=\"https:\/\/www.linkedin.com\/company\/934510\/\">LINKEDIN TECMA<\/a><\/p>\n<\/div><div class=\"fusion-clearfix\"><\/div>\n\n\t\t\t\t\t<\/div>\n\t\t\t\t<\/div><\/div><\/div><\/p>\n","protected":false},"excerpt":{"rendered":"","protected":false},"author":1,"featured_media":0,"parent":203,"menu_order":0,"comment_status":"closed","ping_status":"closed","template":"","meta":{"_mi_skip_tracking":false,"spay_email":"","footnotes":""},"class_list":["post-824","page","type-page","status-publish","hentry"],"yoast_head":"<!-- This site is optimized with the Yoast SEO plugin v20.2.1 - https:\/\/yoast.com\/wordpress\/plugins\/seo\/ -->\n<title>Solu\u00e7\u00f5es ambientais Log\u00edstica - TECMA Tecnologia Tratamento e solu\u00e7\u00e3o<\/title>\n<meta name=\"description\" content=\"Solu\u00e7\u00f5es ambientais Log\u00edstica, Sistemas de tratamento de Terminais de Log\u00edstica, Terminais de Log\u00edsticas necessitam do tratamento ideal para o meio ambiente\" \/>\n<meta name=\"robots\" content=\"index, follow, max-snippet:-1, max-image-preview:large, max-video-preview:-1\" \/>\n<link rel=\"canonical\" href=\"https:\/\/www.tecma-tecnologia.com.br\/web\/engenharia\/efluentes-industriais\/solucoes-ambientais-logistica\/\" \/>\n<meta property=\"og:locale\" content=\"pt_BR\" \/>\n<meta property=\"og:type\" content=\"article\" \/>\n<meta property=\"og:title\" content=\"Solu\u00e7\u00f5es ambientais Log\u00edstica - TECMA Tecnologia Tratamento e solu\u00e7\u00e3o\" \/>\n<meta property=\"og:description\" content=\"Solu\u00e7\u00f5es ambientais Log\u00edstica, Sistemas de tratamento de Terminais de Log\u00edstica, Terminais de Log\u00edsticas necessitam do tratamento ideal para o meio ambiente\" \/>\n<meta property=\"og:url\" content=\"https:\/\/www.tecma-tecnologia.com.br\/web\/engenharia\/efluentes-industriais\/solucoes-ambientais-logistica\/\" \/>\n<meta property=\"og:site_name\" content=\"TECMA Tecnologia\" \/>\n<meta property=\"article:modified_time\" content=\"2020-01-06T15:07:22+00:00\" \/>\n<meta property=\"og:image\" content=\"https:\/\/www.tecma-tecnologia.com.br\/web\/wp-content\/uploads\/2019\/08\/logis-300x112.jpg\" \/>\n<meta name=\"twitter:card\" content=\"summary_large_image\" \/>\n<meta name=\"twitter:label1\" content=\"Est. tempo de leitura\" \/>\n\t<meta name=\"twitter:data1\" content=\"4 minutos\" \/>\n<script type=\"application\/ld+json\" class=\"yoast-schema-graph\">{\"@context\":\"https:\/\/schema.org\",\"@graph\":[{\"@type\":\"WebPage\",\"@id\":\"https:\/\/www.tecma-tecnologia.com.br\/web\/engenharia\/efluentes-industriais\/solucoes-ambientais-logistica\/\",\"url\":\"https:\/\/www.tecma-tecnologia.com.br\/web\/engenharia\/efluentes-industriais\/solucoes-ambientais-logistica\/\",\"name\":\"Solu\u00e7\u00f5es ambientais Log\u00edstica - TECMA Tecnologia Tratamento e solu\u00e7\u00e3o\",\"isPartOf\":{\"@id\":\"https:\/\/www.tecma-tecnologia.com.br\/web\/#website\"},\"datePublished\":\"2018-10-25T22:31:20+00:00\",\"dateModified\":\"2020-01-06T15:07:22+00:00\",\"description\":\"Solu\u00e7\u00f5es ambientais Log\u00edstica, Sistemas de tratamento de Terminais de Log\u00edstica, Terminais de Log\u00edsticas necessitam do tratamento ideal para o meio ambiente\",\"breadcrumb\":{\"@id\":\"https:\/\/www.tecma-tecnologia.com.br\/web\/engenharia\/efluentes-industriais\/solucoes-ambientais-logistica\/#breadcrumb\"},\"inLanguage\":\"pt-BR\",\"potentialAction\":[{\"@type\":\"ReadAction\",\"target\":[\"https:\/\/www.tecma-tecnologia.com.br\/web\/engenharia\/efluentes-industriais\/solucoes-ambientais-logistica\/\"]}]},{\"@type\":\"BreadcrumbList\",\"@id\":\"https:\/\/www.tecma-tecnologia.com.br\/web\/engenharia\/efluentes-industriais\/solucoes-ambientais-logistica\/#breadcrumb\",\"itemListElement\":[{\"@type\":\"ListItem\",\"position\":1,\"name\":\"Home\",\"item\":\"https:\/\/www.tecma-tecnologia.com.br\/web\/\"},{\"@type\":\"ListItem\",\"position\":2,\"name\":\"Engenharia\",\"item\":\"https:\/\/www.tecma-tecnologia.com.br\/web\/engenharia\/\"},{\"@type\":\"ListItem\",\"position\":3,\"name\":\"Tratamento de Efluentes Industriais\",\"item\":\"https:\/\/www.tecma-tecnologia.com.br\/web\/engenharia\/efluentes-industriais\/\"},{\"@type\":\"ListItem\",\"position\":4,\"name\":\"Log\u00edstica (Terminais Portu\u00e1rios)\"}]},{\"@type\":\"WebSite\",\"@id\":\"https:\/\/www.tecma-tecnologia.com.br\/web\/#website\",\"url\":\"https:\/\/www.tecma-tecnologia.com.br\/web\/\",\"name\":\"TECMA Tecnologia\",\"description\":\"\",\"potentialAction\":[{\"@type\":\"SearchAction\",\"target\":{\"@type\":\"EntryPoint\",\"urlTemplate\":\"https:\/\/www.tecma-tecnologia.com.br\/web\/?s={search_term_string}\"},\"query-input\":\"required name=search_term_string\"}],\"inLanguage\":\"pt-BR\"}]}<\/script>\n<!-- \/ Yoast SEO plugin. -->","yoast_head_json":{"title":"Solu\u00e7\u00f5es ambientais Log\u00edstica - TECMA Tecnologia Tratamento e solu\u00e7\u00e3o","description":"Solu\u00e7\u00f5es ambientais Log\u00edstica, Sistemas de tratamento de Terminais de Log\u00edstica, Terminais de Log\u00edsticas necessitam do tratamento ideal para o meio ambiente","robots":{"index":"index","follow":"follow","max-snippet":"max-snippet:-1","max-image-preview":"max-image-preview:large","max-video-preview":"max-video-preview:-1"},"canonical":"https:\/\/www.tecma-tecnologia.com.br\/web\/engenharia\/efluentes-industriais\/solucoes-ambientais-logistica\/","og_locale":"pt_BR","og_type":"article","og_title":"Solu\u00e7\u00f5es ambientais Log\u00edstica - TECMA Tecnologia Tratamento e solu\u00e7\u00e3o","og_description":"Solu\u00e7\u00f5es ambientais Log\u00edstica, Sistemas de tratamento de Terminais de Log\u00edstica, Terminais de Log\u00edsticas necessitam do tratamento ideal para o meio ambiente","og_url":"https:\/\/www.tecma-tecnologia.com.br\/web\/engenharia\/efluentes-industriais\/solucoes-ambientais-logistica\/","og_site_name":"TECMA Tecnologia","article_modified_time":"2020-01-06T15:07:22+00:00","og_image":[{"url":"https:\/\/www.tecma-tecnologia.com.br\/web\/wp-content\/uploads\/2019\/08\/logis-300x112.jpg"}],"twitter_card":"summary_large_image","twitter_misc":{"Est. tempo de leitura":"4 minutos"},"schema":{"@context":"https:\/\/schema.org","@graph":[{"@type":"WebPage","@id":"https:\/\/www.tecma-tecnologia.com.br\/web\/engenharia\/efluentes-industriais\/solucoes-ambientais-logistica\/","url":"https:\/\/www.tecma-tecnologia.com.br\/web\/engenharia\/efluentes-industriais\/solucoes-ambientais-logistica\/","name":"Solu\u00e7\u00f5es ambientais Log\u00edstica - TECMA Tecnologia Tratamento e solu\u00e7\u00e3o","isPartOf":{"@id":"https:\/\/www.tecma-tecnologia.com.br\/web\/#website"},"datePublished":"2018-10-25T22:31:20+00:00","dateModified":"2020-01-06T15:07:22+00:00","description":"Solu\u00e7\u00f5es ambientais Log\u00edstica, Sistemas de tratamento de Terminais de Log\u00edstica, Terminais de Log\u00edsticas necessitam do tratamento ideal para o meio ambiente","breadcrumb":{"@id":"https:\/\/www.tecma-tecnologia.com.br\/web\/engenharia\/efluentes-industriais\/solucoes-ambientais-logistica\/#breadcrumb"},"inLanguage":"pt-BR","potentialAction":[{"@type":"ReadAction","target":["https:\/\/www.tecma-tecnologia.com.br\/web\/engenharia\/efluentes-industriais\/solucoes-ambientais-logistica\/"]}]},{"@type":"BreadcrumbList","@id":"https:\/\/www.tecma-tecnologia.com.br\/web\/engenharia\/efluentes-industriais\/solucoes-ambientais-logistica\/#breadcrumb","itemListElement":[{"@type":"ListItem","position":1,"name":"Home","item":"https:\/\/www.tecma-tecnologia.com.br\/web\/"},{"@type":"ListItem","position":2,"name":"Engenharia","item":"https:\/\/www.tecma-tecnologia.com.br\/web\/engenharia\/"},{"@type":"ListItem","position":3,"name":"Tratamento de Efluentes Industriais","item":"https:\/\/www.tecma-tecnologia.com.br\/web\/engenharia\/efluentes-industriais\/"},{"@type":"ListItem","position":4,"name":"Log\u00edstica (Terminais Portu\u00e1rios)"}]},{"@type":"WebSite","@id":"https:\/\/www.tecma-tecnologia.com.br\/web\/#website","url":"https:\/\/www.tecma-tecnologia.com.br\/web\/","name":"TECMA Tecnologia","description":"","potentialAction":[{"@type":"SearchAction","target":{"@type":"EntryPoint","urlTemplate":"https:\/\/www.tecma-tecnologia.com.br\/web\/?s={search_term_string}"},"query-input":"required name=search_term_string"}],"inLanguage":"pt-BR"}]}},"_links":{"self":[{"href":"https:\/\/www.tecma-tecnologia.com.br\/web\/wp-json\/wp\/v2\/pages\/824","targetHints":{"allow":["GET"]}}],"collection":[{"href":"https:\/\/www.tecma-tecnologia.com.br\/web\/wp-json\/wp\/v2\/pages"}],"about":[{"href":"https:\/\/www.tecma-tecnologia.com.br\/web\/wp-json\/wp\/v2\/types\/page"}],"author":[{"embeddable":true,"href":"https:\/\/www.tecma-tecnologia.com.br\/web\/wp-json\/wp\/v2\/users\/1"}],"replies":[{"embeddable":true,"href":"https:\/\/www.tecma-tecnologia.com.br\/web\/wp-json\/wp\/v2\/comments?post=824"}],"version-history":[{"count":3,"href":"https:\/\/www.tecma-tecnologia.com.br\/web\/wp-json\/wp\/v2\/pages\/824\/revisions"}],"predecessor-version":[{"id":3575,"href":"https:\/\/www.tecma-tecnologia.com.br\/web\/wp-json\/wp\/v2\/pages\/824\/revisions\/3575"}],"up":[{"embeddable":true,"href":"https:\/\/www.tecma-tecnologia.com.br\/web\/wp-json\/wp\/v2\/pages\/203"}],"wp:attachment":[{"href":"https:\/\/www.tecma-tecnologia.com.br\/web\/wp-json\/wp\/v2\/media?parent=824"}],"curies":[{"name":"wp","href":"https:\/\/api.w.org\/{rel}","templated":true}]}}