{"id":619,"date":"2018-08-07T21:01:06","date_gmt":"2018-08-08T00:01:06","guid":{"rendered":"http:\/\/www.tecma-tecnologia.com.br\/web\/?page_id=619"},"modified":"2020-01-03T21:50:16","modified_gmt":"2020-01-04T00:50:16","slug":"bot","status":"publish","type":"page","link":"https:\/\/www.tecma-tecnologia.com.br\/web\/bot\/","title":{"rendered":"BOT &#8211; BOO &#8211; EPC"},"content":{"rendered":"\t\t<div data-elementor-type=\"wp-page\" data-elementor-id=\"619\" class=\"elementor elementor-619\">\n\t\t\t\t\t\t<section class=\"elementor-section elementor-top-section elementor-element elementor-element-6c906dc elementor-section-boxed elementor-section-height-default elementor-section-height-default\" data-id=\"6c906dc\" data-element_type=\"section\" data-e-type=\"section\">\n\t\t\t\t\t\t<div class=\"elementor-container elementor-column-gap-default\">\n\t\t\t\t\t<div class=\"elementor-column elementor-col-100 elementor-top-column elementor-element elementor-element-e84b857\" data-id=\"e84b857\" data-element_type=\"column\" data-e-type=\"column\">\n\t\t\t<div class=\"elementor-widget-wrap elementor-element-populated\">\n\t\t\t\t\t\t<div class=\"elementor-element elementor-element-9b8de23 elementor-widget elementor-widget-image\" data-id=\"9b8de23\" data-element_type=\"widget\" data-e-type=\"widget\" data-widget_type=\"image.default\">\n\t\t\t\t<div class=\"elementor-widget-container\">\n\t\t\t\t\t\t\t\t\t\t\t\t\t\t\t<img fetchpriority=\"high\" decoding=\"async\" width=\"1024\" height=\"404\" src=\"https:\/\/www.tecma-tecnologia.com.br\/web\/wp-content\/uploads\/2020\/01\/sem-titulo-2-1-1024x404.jpg\" class=\"attachment-large size-large wp-image-3478\" alt=\"\" srcset=\"https:\/\/www.tecma-tecnologia.com.br\/web\/wp-content\/uploads\/2020\/01\/sem-titulo-2-1-200x79.jpg 200w, https:\/\/www.tecma-tecnologia.com.br\/web\/wp-content\/uploads\/2020\/01\/sem-titulo-2-1-300x118.jpg 300w, https:\/\/www.tecma-tecnologia.com.br\/web\/wp-content\/uploads\/2020\/01\/sem-titulo-2-1-400x158.jpg 400w, https:\/\/www.tecma-tecnologia.com.br\/web\/wp-content\/uploads\/2020\/01\/sem-titulo-2-1-600x237.jpg 600w, https:\/\/www.tecma-tecnologia.com.br\/web\/wp-content\/uploads\/2020\/01\/sem-titulo-2-1-700x276.jpg 700w, https:\/\/www.tecma-tecnologia.com.br\/web\/wp-content\/uploads\/2020\/01\/sem-titulo-2-1-768x303.jpg 768w, https:\/\/www.tecma-tecnologia.com.br\/web\/wp-content\/uploads\/2020\/01\/sem-titulo-2-1-800x316.jpg 800w, https:\/\/www.tecma-tecnologia.com.br\/web\/wp-content\/uploads\/2020\/01\/sem-titulo-2-1-1024x404.jpg 1024w, https:\/\/www.tecma-tecnologia.com.br\/web\/wp-content\/uploads\/2020\/01\/sem-titulo-2-1-1200x474.jpg 1200w, https:\/\/www.tecma-tecnologia.com.br\/web\/wp-content\/uploads\/2020\/01\/sem-titulo-2-1.jpg 1920w\" sizes=\"(max-width: 1024px) 100vw, 1024px\" \/>\t\t\t\t\t\t\t\t\t\t\t\t\t\t\t<\/div>\n\t\t\t\t<\/div>\n\t\t\t\t\t<\/div>\n\t\t<\/div>\n\t\t\t\t\t<\/div>\n\t\t<\/section>\n\t\t\t\t<section class=\"elementor-section elementor-top-section elementor-element elementor-element-1e1c437f elementor-section-boxed elementor-section-height-default elementor-section-height-default\" data-id=\"1e1c437f\" data-element_type=\"section\" data-e-type=\"section\">\n\t\t\t\t\t\t<div class=\"elementor-container elementor-column-gap-default\">\n\t\t\t\t\t<div class=\"elementor-column elementor-col-100 elementor-top-column elementor-element elementor-element-3d2c1933\" data-id=\"3d2c1933\" data-element_type=\"column\" data-e-type=\"column\">\n\t\t\t<div class=\"elementor-widget-wrap elementor-element-populated\">\n\t\t\t\t\t\t<div class=\"elementor-element elementor-element-53908bfa elementor-widget elementor-widget-text-editor\" data-id=\"53908bfa\" data-element_type=\"widget\" data-e-type=\"widget\" data-widget_type=\"text-editor.default\">\n\t\t\t\t<div class=\"elementor-widget-container\">\n\t\t\t\t\t\t\t\t\t<div class=\"fusion-fullwidth fullwidth-box nonhundred-percent-fullwidth non-hundred-percent-height-scrolling\"  style='background-color: rgba(255,255,255,0);background-position: center center;background-repeat: no-repeat;padding-top:0px;padding-right:0px;padding-bottom:0px;padding-left:0px;margin-bottom: 0px;'><div class=\"fusion-builder-row fusion-row \"><div  class=\"fusion-layout-column fusion_builder_column fusion_builder_column_1_1  fusion-one-full fusion-column-first fusion-column-last 1_1\"  style='margin-top:0px;margin-bottom:20px;'>\n\t\t\t\t\t<div class=\"fusion-column-wrapper\" style=\"padding: 0px 0px 0px 0px;background-position:left top;background-repeat:no-repeat;-webkit-background-size:cover;-moz-background-size:cover;-o-background-size:cover;background-size:cover;\"  data-bg-url=\"\">\n\t\t\t\t\t\t<div class=\"fusion-clearfix\"><\/div>\n\n\t\t\t\t\t<\/div>\n\t\t\t\t<\/div><\/div><\/div><div class=\"fusion-fullwidth fullwidth-box nonhundred-percent-fullwidth non-hundred-percent-height-scrolling\"  style='background-color: rgba(255,255,255,0);background-position: center center;background-repeat: no-repeat;padding-top:0px;padding-right:0px;padding-bottom:0px;padding-left:0px;'><div class=\"fusion-builder-row fusion-row \"><div id=\"projetos-lista\" class=\"fusion-layout-column fusion_builder_column fusion_builder_column_1_1  fusion-one-full fusion-column-first fusion-column-last 1_1\"  style='margin-top:0px;margin-bottom:20px;'>\n\t\t\t\t\t<div class=\"fusion-column-wrapper\" style=\"padding: 0px 0px 0px 0px;background-position:left top;background-repeat:no-repeat;-webkit-background-size:cover;-moz-background-size:cover;-o-background-size:cover;background-size:cover;\"  data-bg-url=\"\">\n\t\t\t\t\t\t<div class=\"fusion-text\"><h2><strong>BOT\u00a0<\/strong><\/h2>\n<p><strong>Build Operate and Transfer<\/strong> &#8211; Esse modelo \u00e9 empregado quando a contratante faz um acordo por um per\u00edodo fixado para o desenvolvimento e opera\u00e7\u00e3o de uma sistema de tratamento. O desenvolvimento consiste no financiamento, concep\u00e7\u00e3o, constru\u00e7\u00e3o, gest\u00e3o e manuten\u00e7\u00e3o do sistema de tratamento incluindo sua opera\u00e7\u00e3o por um per\u00edodo pr\u00e9 estabelecido entre as partes.<\/p>\n<h2><strong>EPC\u00a0<\/strong><\/h2>\n<p><strong>Engineering, Procurement and Construction &#8211;\u00a0<\/strong>Esse modelo de contrato visa estabelecer um pre\u00e7o fechado e fixo para o Design, a constru\u00e7\u00e3o, o comissionamento e a entrega da planta de tratamento em pleno funcionamento.<\/p>\n<h2><strong>BOO\u00a0<\/strong><\/h2>\n<p><strong>Build Own Operate &#8211;\u00a0<\/strong>Esse modelo \u00e9 empregado quando a contratante faz um acordo por um per\u00edodo fixado para o desenvolvimento e opera\u00e7\u00e3o de uma sistema de tratamento. O sistema de tratamento ser\u00e1 um ativo da Contratada e o desenvolvimento do contrato ser\u00e1 negociado atrav\u00e9s de uma tarifa pr\u00e9-fixada sem que o ativo passe para a Contratante no final do Contrato.<\/p>\n<h3>\u21d2 ACESSE NOSSOS <strong>PRODUTOS E SERVI\u00c7OS<\/strong><\/h3>\n<p>Solicite nossa equipe comercial para saber mais sobre os modelos de contratos &#8211; BOT, BOO, EPC.<\/p>\n<h2><strong>FINANCIAMENTO &#8211; BNDES FINAME<\/strong><\/h2>\n<p>\u00c9 uma opera\u00e7\u00e3o realizada por meio de linha de cr\u00e9dito oferecida pelo BNDES &#8211;\u00a0 Banco Nacional de Desenvolvimento Econ\u00f4mico e Social.<\/p>\n<p>BNDES Finame TLP \u2013 Financia alguns sistemas de tratamento de TECMA. O produto \u00e9 destinado a Pessoas F\u00edsicas e Jur\u00eddicas do segmento. Os bens dever\u00e3o ter no m\u00ednimo 60% de fabrica\u00e7\u00e3o nacional. Possui car\u00eancia de 3 ou 6 meses. Este produto tem custo vari\u00e1vel devido ao \u00cdndice de Pre\u00e7os ao Consumidor Amplo (IPCA) que \u00e9 divulgado pelo IBGE. Empresas com faturamento anual de at\u00e9 R$ 300 milh\u00f5es poder\u00e3o financiar at\u00e9 100% com custo TLP. Empresas com faturamento anual superior a R$ 300 milh\u00f5es poder\u00e3o financiar at\u00e9 60% com custo TLP, podendo ampliar o financiamento em mais 20%, com o custo p\u00f3s-fixado atrelado \u00e0 taxa Selic.<\/p>\n<p>Em destaque podemos citar o <strong>S<\/strong>i<strong>stema de Tratamento de Chorume<\/strong>\u00a0que pode ser &#8220;finamizado&#8221;<\/p>\n<\/p>\n<div class=\"table-1\">\n<table width=\"100%\">\n<thead>\n<tr>\n<th align=\"left\">C\u00f3digo<\/th>\n<th align=\"left\">Posi\u00e7\u00e3o Cadastral<\/th>\n<th align=\"left\">Nome\/Modelo<\/th>\n<th align=\"left\">Habilitado<\/th>\n<\/tr>\n<\/thead>\n<tbody>\n<tr>\n<td align=\"left\">3118630<\/td>\n<td align=\"left\">FCC<\/td>\n<td align=\"left\">Sistema de Tratamento de Chorume<\/td>\n<td align=\"left\">&#8211; Finame e Programas Agr\u00edcolas<\/td>\n<\/tr>\n<\/tbody>\n<\/table>\n<\/div>\n<p>\n<p>Consulte nosso setor comercial para saber sobre os produtos de seu interesse ou qual sistema de tratamento pode ser financiado.<\/p>\n<p>Modelos de Contrato empresa ambiental<\/p>\n<p>Sigam a <a href=\"http:\/\/www.tecma-tecnologia.com.br\/web\/\">Tecma<\/a> em todas as nossas plataformas<\/p>\n<p><a href=\"https:\/\/www.instagram.com\/tecmatecnologia\/\">INSTAGRAM TECMA<\/a><\/p>\n<p><a href=\"https:\/\/web.facebook.com\/tecmatecnologia\/?_rdc=1&amp;_rdr\">FACEBOOK TECMA<\/a><\/p>\n<p><a href=\"https:\/\/www.linkedin.com\/company\/934510\/\">LINKEDIN TECMA<\/a><\/p>\n<\/div><div class=\"fusion-clearfix\"><\/div>\n\n\t\t\t\t\t<\/div>\n\t\t\t\t<\/div><\/div><\/div>\t\t\t\t\t\t\t\t<\/div>\n\t\t\t\t<\/div>\n\t\t\t\t\t<\/div>\n\t\t<\/div>\n\t\t\t\t\t<\/div>\n\t\t<\/section>\n\t\t\t\t<\/div>\n\t\t","protected":false},"excerpt":{"rendered":"","protected":false},"author":1,"featured_media":0,"parent":0,"menu_order":0,"comment_status":"closed","ping_status":"closed","template":"","meta":{"_mi_skip_tracking":false,"spay_email":"","footnotes":""},"class_list":["post-619","page","type-page","status-publish","hentry"],"yoast_head":"<!-- This site is optimized with the Yoast SEO plugin v20.2.1 - https:\/\/yoast.com\/wordpress\/plugins\/seo\/ -->\n<title>BOT - BOO - EPC | TECMA TECNOLOGIA EM MEIO AMBIENTE<\/title>\n<meta name=\"description\" content=\"BOT- Build Operate and Transfer | BOO - Build Own Operate | EPC - Engineering Procurement and Construction. Solu\u00e7\u00f5es para o Tratamento de \u00c1guas e Efluentes\" \/>\n<meta name=\"robots\" content=\"index, follow, max-snippet:-1, max-image-preview:large, max-video-preview:-1\" \/>\n<link rel=\"canonical\" href=\"https:\/\/www.tecma-tecnologia.com.br\/web\/bot\/\" \/>\n<meta property=\"og:locale\" content=\"pt_BR\" \/>\n<meta property=\"og:type\" content=\"article\" \/>\n<meta property=\"og:title\" content=\"BOT - BOO - EPC | TECMA TECNOLOGIA EM MEIO AMBIENTE\" \/>\n<meta property=\"og:description\" content=\"BOT- Build Operate and Transfer | BOO - Build Own Operate | EPC - Engineering Procurement and Construction. Solu\u00e7\u00f5es para o Tratamento de \u00c1guas e Efluentes\" \/>\n<meta property=\"og:url\" content=\"https:\/\/www.tecma-tecnologia.com.br\/web\/bot\/\" \/>\n<meta property=\"og:site_name\" content=\"TECMA Tecnologia\" \/>\n<meta property=\"article:modified_time\" content=\"2020-01-04T00:50:16+00:00\" \/>\n<meta property=\"og:image\" content=\"https:\/\/www.tecma-tecnologia.com.br\/web\/wp-content\/uploads\/2020\/01\/sem-titulo-2-1-1024x404.jpg\" \/>\n<meta name=\"twitter:card\" content=\"summary_large_image\" \/>\n<meta name=\"twitter:label1\" content=\"Est. tempo de leitura\" \/>\n\t<meta name=\"twitter:data1\" content=\"5 minutos\" \/>\n<script type=\"application\/ld+json\" class=\"yoast-schema-graph\">{\"@context\":\"https:\/\/schema.org\",\"@graph\":[{\"@type\":\"WebPage\",\"@id\":\"https:\/\/www.tecma-tecnologia.com.br\/web\/bot\/\",\"url\":\"https:\/\/www.tecma-tecnologia.com.br\/web\/bot\/\",\"name\":\"BOT - BOO - EPC | TECMA TECNOLOGIA EM MEIO AMBIENTE\",\"isPartOf\":{\"@id\":\"https:\/\/www.tecma-tecnologia.com.br\/web\/#website\"},\"datePublished\":\"2018-08-08T00:01:06+00:00\",\"dateModified\":\"2020-01-04T00:50:16+00:00\",\"description\":\"BOT- Build Operate and Transfer | BOO - Build Own Operate | EPC - Engineering Procurement and Construction. Solu\u00e7\u00f5es para o Tratamento de \u00c1guas e Efluentes\",\"breadcrumb\":{\"@id\":\"https:\/\/www.tecma-tecnologia.com.br\/web\/bot\/#breadcrumb\"},\"inLanguage\":\"pt-BR\",\"potentialAction\":[{\"@type\":\"ReadAction\",\"target\":[\"https:\/\/www.tecma-tecnologia.com.br\/web\/bot\/\"]}]},{\"@type\":\"BreadcrumbList\",\"@id\":\"https:\/\/www.tecma-tecnologia.com.br\/web\/bot\/#breadcrumb\",\"itemListElement\":[{\"@type\":\"ListItem\",\"position\":1,\"name\":\"Home\",\"item\":\"https:\/\/www.tecma-tecnologia.com.br\/web\/\"},{\"@type\":\"ListItem\",\"position\":2,\"name\":\"BOT &#8211; BOO &#8211; EPC\"}]},{\"@type\":\"WebSite\",\"@id\":\"https:\/\/www.tecma-tecnologia.com.br\/web\/#website\",\"url\":\"https:\/\/www.tecma-tecnologia.com.br\/web\/\",\"name\":\"TECMA Tecnologia\",\"description\":\"\",\"potentialAction\":[{\"@type\":\"SearchAction\",\"target\":{\"@type\":\"EntryPoint\",\"urlTemplate\":\"https:\/\/www.tecma-tecnologia.com.br\/web\/?s={search_term_string}\"},\"query-input\":\"required name=search_term_string\"}],\"inLanguage\":\"pt-BR\"}]}<\/script>\n<!-- \/ Yoast SEO plugin. -->","yoast_head_json":{"title":"BOT - BOO - EPC | TECMA TECNOLOGIA EM MEIO AMBIENTE","description":"BOT- Build Operate and Transfer | BOO - Build Own Operate | EPC - Engineering Procurement and Construction. Solu\u00e7\u00f5es para o Tratamento de \u00c1guas e Efluentes","robots":{"index":"index","follow":"follow","max-snippet":"max-snippet:-1","max-image-preview":"max-image-preview:large","max-video-preview":"max-video-preview:-1"},"canonical":"https:\/\/www.tecma-tecnologia.com.br\/web\/bot\/","og_locale":"pt_BR","og_type":"article","og_title":"BOT - BOO - EPC | TECMA TECNOLOGIA EM MEIO AMBIENTE","og_description":"BOT- Build Operate and Transfer | BOO - Build Own Operate | EPC - Engineering Procurement and Construction. Solu\u00e7\u00f5es para o Tratamento de \u00c1guas e Efluentes","og_url":"https:\/\/www.tecma-tecnologia.com.br\/web\/bot\/","og_site_name":"TECMA Tecnologia","article_modified_time":"2020-01-04T00:50:16+00:00","og_image":[{"url":"https:\/\/www.tecma-tecnologia.com.br\/web\/wp-content\/uploads\/2020\/01\/sem-titulo-2-1-1024x404.jpg"}],"twitter_card":"summary_large_image","twitter_misc":{"Est. tempo de leitura":"5 minutos"},"schema":{"@context":"https:\/\/schema.org","@graph":[{"@type":"WebPage","@id":"https:\/\/www.tecma-tecnologia.com.br\/web\/bot\/","url":"https:\/\/www.tecma-tecnologia.com.br\/web\/bot\/","name":"BOT - BOO - EPC | TECMA TECNOLOGIA EM MEIO AMBIENTE","isPartOf":{"@id":"https:\/\/www.tecma-tecnologia.com.br\/web\/#website"},"datePublished":"2018-08-08T00:01:06+00:00","dateModified":"2020-01-04T00:50:16+00:00","description":"BOT- Build Operate and Transfer | BOO - Build Own Operate | EPC - Engineering Procurement and Construction. Solu\u00e7\u00f5es para o Tratamento de \u00c1guas e Efluentes","breadcrumb":{"@id":"https:\/\/www.tecma-tecnologia.com.br\/web\/bot\/#breadcrumb"},"inLanguage":"pt-BR","potentialAction":[{"@type":"ReadAction","target":["https:\/\/www.tecma-tecnologia.com.br\/web\/bot\/"]}]},{"@type":"BreadcrumbList","@id":"https:\/\/www.tecma-tecnologia.com.br\/web\/bot\/#breadcrumb","itemListElement":[{"@type":"ListItem","position":1,"name":"Home","item":"https:\/\/www.tecma-tecnologia.com.br\/web\/"},{"@type":"ListItem","position":2,"name":"BOT &#8211; BOO &#8211; EPC"}]},{"@type":"WebSite","@id":"https:\/\/www.tecma-tecnologia.com.br\/web\/#website","url":"https:\/\/www.tecma-tecnologia.com.br\/web\/","name":"TECMA Tecnologia","description":"","potentialAction":[{"@type":"SearchAction","target":{"@type":"EntryPoint","urlTemplate":"https:\/\/www.tecma-tecnologia.com.br\/web\/?s={search_term_string}"},"query-input":"required name=search_term_string"}],"inLanguage":"pt-BR"}]}},"_links":{"self":[{"href":"https:\/\/www.tecma-tecnologia.com.br\/web\/wp-json\/wp\/v2\/pages\/619","targetHints":{"allow":["GET"]}}],"collection":[{"href":"https:\/\/www.tecma-tecnologia.com.br\/web\/wp-json\/wp\/v2\/pages"}],"about":[{"href":"https:\/\/www.tecma-tecnologia.com.br\/web\/wp-json\/wp\/v2\/types\/page"}],"author":[{"embeddable":true,"href":"https:\/\/www.tecma-tecnologia.com.br\/web\/wp-json\/wp\/v2\/users\/1"}],"replies":[{"embeddable":true,"href":"https:\/\/www.tecma-tecnologia.com.br\/web\/wp-json\/wp\/v2\/comments?post=619"}],"version-history":[{"count":8,"href":"https:\/\/www.tecma-tecnologia.com.br\/web\/wp-json\/wp\/v2\/pages\/619\/revisions"}],"predecessor-version":[{"id":3497,"href":"https:\/\/www.tecma-tecnologia.com.br\/web\/wp-json\/wp\/v2\/pages\/619\/revisions\/3497"}],"wp:attachment":[{"href":"https:\/\/www.tecma-tecnologia.com.br\/web\/wp-json\/wp\/v2\/media?parent=619"}],"curies":[{"name":"wp","href":"https:\/\/api.w.org\/{rel}","templated":true}]}}