{"id":401,"date":"2018-07-20T18:04:17","date_gmt":"2018-07-20T21:04:17","guid":{"rendered":"http:\/\/www.tecma-tecnologia.com.br\/web\/?page_id=401"},"modified":"2019-12-30T10:25:39","modified_gmt":"2019-12-30T13:25:39","slug":"amostragem","status":"publish","type":"page","link":"https:\/\/www.tecma-tecnologia.com.br\/web\/laboratorio\/ensaios-ambientais\/amostragem\/","title":{"rendered":"Amostragem"},"content":{"rendered":"<p><div class=\"fusion-fullwidth fullwidth-box nonhundred-percent-fullwidth non-hundred-percent-height-scrolling\"  style='background-color: rgba(255,255,255,0);background-position: center center;background-repeat: no-repeat;padding-top:0px;padding-right:0px;padding-bottom:0px;padding-left:0px;'><div class=\"fusion-builder-row fusion-row \"><div  class=\"fusion-layout-column fusion_builder_column fusion_builder_column_1_1  fusion-one-full fusion-column-first fusion-column-last 1_1\"  style='margin-top:0px;margin-bottom:0px;'>\n\t\t\t\t\t<div class=\"fusion-column-wrapper\" style=\"padding: 15px 0px 0px 0px;background-position:left top;background-repeat:no-repeat;-webkit-background-size:cover;-moz-background-size:cover;-o-background-size:cover;background-size:cover;\"  data-bg-url=\"\">\n\t\t\t\t\t\t<div class=\"fusion-title title fusion-sep-none fusion-title-size-four\" style=\"margin-top:0px;margin-bottom:31px;\"><h4 class=\"title-heading-left\"><h3 style=\"text-align: left;\"><strong>AMOSTRAGEM<\/strong><\/h3><\/h4><\/div><div class=\"fusion-clearfix\"><\/div>\n\n\t\t\t\t\t<\/div>\n\t\t\t\t<\/div><div  class=\"fusion-layout-column fusion_builder_column fusion_builder_column_1_1  fusion-one-full fusion-column-first fusion-column-last 1_1\"  style='margin-top:0px;margin-bottom:20px;'>\n\t\t\t\t\t<div class=\"fusion-column-wrapper\" style=\"padding: 0px 0px 0px 0px;background-position:left top;background-repeat:no-repeat;-webkit-background-size:cover;-moz-background-size:cover;-o-background-size:cover;background-size:cover;\"  data-bg-url=\"\">\n\t\t\t\t\t\t<div class=\"imageframe-align-center\"><span class=\"fusion-imageframe imageframe-none imageframe-1 hover-type-none\"><img fetchpriority=\"high\" fetchpriority=\"high\" decoding=\"async\" src=\"https:\/\/www.tecma-tecnologia.com.br\/web\/wp-content\/uploads\/2018\/12\/amostragem-de-residuos.png\" width=\"1500\" height=\"500\" alt=\"\" title=\"Amostragem de resi\u0301duos\" class=\"img-responsive wp-image-1375\" srcset=\"https:\/\/www.tecma-tecnologia.com.br\/web\/wp-content\/uploads\/2018\/12\/amostragem-de-residuos-200x67.png 200w, https:\/\/www.tecma-tecnologia.com.br\/web\/wp-content\/uploads\/2018\/12\/amostragem-de-residuos-400x133.png 400w, https:\/\/www.tecma-tecnologia.com.br\/web\/wp-content\/uploads\/2018\/12\/amostragem-de-residuos-600x200.png 600w, https:\/\/www.tecma-tecnologia.com.br\/web\/wp-content\/uploads\/2018\/12\/amostragem-de-residuos-800x267.png 800w, https:\/\/www.tecma-tecnologia.com.br\/web\/wp-content\/uploads\/2018\/12\/amostragem-de-residuos-1200x400.png 1200w, https:\/\/www.tecma-tecnologia.com.br\/web\/wp-content\/uploads\/2018\/12\/amostragem-de-residuos.png 1500w\" sizes=\"(max-width: 800px) 100vw, 1200px\" \/><\/span><\/div><div class=\"fusion-clearfix\"><\/div>\n\n\t\t\t\t\t<\/div>\n\t\t\t\t<\/div><\/div><\/div><div class=\"fusion-fullwidth fullwidth-box nonhundred-percent-fullwidth non-hundred-percent-height-scrolling\"  style='background-color: rgba(255,255,255,0);background-position: center center;background-repeat: no-repeat;padding-top:0px;padding-right:0px;padding-bottom:0px;padding-left:0px;'><div class=\"fusion-builder-row fusion-row \"><div  class=\"fusion-layout-column fusion_builder_column fusion_builder_column_3_4  fusion-three-fourth fusion-column-first 3_4\"  style='margin-top:0px;margin-bottom:20px;width:75%;width:calc(75% - ( ( 4% ) * 0.75 ) );margin-right: 4%;'>\n\t\t\t\t\t<div class=\"fusion-column-wrapper\" style=\"padding: 0px 0px 0px 0px;background-position:left top;background-repeat:no-repeat;-webkit-background-size:cover;-moz-background-size:cover;-o-background-size:cover;background-size:cover;\"  data-bg-url=\"\">\n\t\t\t\t\t\t<div class=\"fusion-text\"><h4>O objetivo da amostragem \u00e9 coletar uma quantidade de \u00e1gua ou efluente suficientemente pequena, em volume de forma a facilitar seu transporte e grande o suficiente para os prop\u00f3sitos anal\u00edticos a que se destinam , al\u00e9m de ser representativa do material que se quer avaliar.<\/h4>\n<p>A caracteriza\u00e7\u00e3o qualitativa dos efluentes l\u00edquidos e de seus corpos receptores se inicia a partir de um planejamento de amostragem consoante \u00e0s normatiza\u00e7\u00f5es espec\u00edficas como a ABNT NBR 9897: Planejamento de amostragem de efluentes l\u00edquidos e corpos receptores e NBR9898: Preserva\u00e7\u00e3o e t\u00e9cnicas de amostragem de efluentes l\u00edquidos e corpos receptores.<\/p>\n<p>O planejamento da amostragem deve levar em conta os seguintes fatores:<\/p>\n<p>&#8211; Conhecimento dos objetivos da amostragem<br \/>\n&#8211; Conhecimento pleno da fonte geradora de efluentes incluindo as caracter\u00edsticas do processo produtivo, gera\u00e7\u00e3o de efluentes e balan\u00e7o h\u00eddrico;<br \/>\n&#8211; Defini\u00e7\u00e3o das fontes de gera\u00e7\u00e3o a serem amostradas;<br \/>\n&#8211; Defini\u00e7\u00e3o da periodicidade e frequ\u00eancia das amostras;<br \/>\n&#8211; Defini\u00e7\u00e3o do tipo de amostragem;<br \/>\n&#8211; Preserva\u00e7\u00e3o das amostras e log\u00edstica de transporte de amostras para permitir a chegada ao laborat\u00f3rio dentro do tempo de validade;<br \/>\n&#8211; Defini\u00e7\u00e3o dos par\u00e2metros a serem analisados em campo e em laborat\u00f3rio;<br \/>\n&#8211; Defini\u00e7\u00e3o do m\u00e9todo de coleta: manual ou com equipamentos autom\u00e1ticos de coleta;<br \/>\n&#8211; Avalia\u00e7\u00e3o das condi\u00e7\u00f5es de trabalho em campo e estabelecimento das medidas de seguran\u00e7a adequadas;<br \/>\n&#8211; Prepara\u00e7\u00e3o pr\u00e9via do laborat\u00f3rio de an\u00e1lises selecionado para o recebimento das amostras e realiza\u00e7\u00e3o das an\u00e1lises em tempo h\u00e1bil. Identifica\u00e7\u00e3o das amostras e preserva\u00e7\u00e3o das mesmas;<br \/>\n&#8211; Previs\u00e3o de materiais para condicionamento das amostras, tais como vidrarias e reagentes para preserva\u00e7\u00e3o, etiquetas e fichas para registro de informa\u00e7\u00f5es em campo;<br \/>\n&#8211; Utiliza\u00e7\u00e3o de equipe de coleta treinada e recursos materiais adequados \u00e0 coleta, bem como previs\u00e3o de equipamentos de seguran\u00e7a adequados.<\/p>\n<p>A TECMA utiliza-se de metodologias de coleta e preserva\u00e7\u00e3o de amostras baseadas em instru\u00e7\u00f5es t\u00e9cnicas e procedimentos gerais laboratoriais avaliadas constantemente por auditorias internas e externas da ABNT ISO17025:2005.<\/p>\n<p>Principais legisla\u00e7\u00f5es legais e normativos vigentes.<\/p>\n<p>-Portaria de Consolida\u00e7\u00e3o N\u00ba05 de 28\/09\/2017\u00a0\u2013 Consolida\u00e7\u00e3o das normas sobre as a\u00e7\u00f5es e os servi\u00e7os de sa\u00fade do sistema \u00fanico de sa\u00fade. ANEXO XX DO CONTROLE DE DA VIGIL\u00c2NCIA DA QUALIDADE DA \u00c1GUA PARA CONSUMO HUMANO E SEU PADR\u00c3O DE POTABILIADE (Origem: PRT MS\/GM 2914\/2011)<br \/>\n&#8211; Resolu\u00e7\u00e3o CONAMA N\u00ba 357\/2005 \u0096 \u0093Disp\u00f5e sobre a classifica\u00e7\u00e3o dos corpos de \u00e1gua e diretrizes ambientais para o seuenquadramento, bem como estabelece as condi\u00e7\u00f5es e padr\u00f5es de lan\u00e7amento de efluentes, e d\u00e1 outras provid\u00eancias\u0094<br \/>\n&#8211; Legisla\u00e7\u00f5es Estaduais \u0096 (CETESB, INEA, FEAM&#8230;)<\/p>\n<ul>\n<li>ABNT\/NBR 9898 &#8211; Preserva\u00e7\u00e3o e t\u00e9cnicas de amostragem de efluentes l\u00edquidos e corpos receptores<\/li>\n<li>ABNT\/NBR 15847- Amostragem de \u00e1gua subterr\u00e2nea em po\u00e7os de monitoramento \u2013 M\u00e9todo de Purga<\/li>\n<\/ul>\n<div class=\"fusion-button-wrapper\"><style type=\"text\/css\" scoped=\"scoped\">.fusion-button.button-1 .fusion-button-text, .fusion-button.button-1 i {color:#ffffff;}.fusion-button.button-1 {border-width:0px;border-color:#ffffff;}.fusion-button.button-1 .fusion-button-icon-divider{border-color:#ffffff;}.fusion-button.button-1:hover .fusion-button-text, .fusion-button.button-1:hover i,.fusion-button.button-1:focus .fusion-button-text, .fusion-button.button-1:focus i,.fusion-button.button-1:active .fusion-button-text, .fusion-button.button-1:active{color:#25b6c3;}.fusion-button.button-1:hover, .fusion-button.button-1:focus, .fusion-button.button-1:active{border-width:0px;border-color:#25b6c3;}.fusion-button.button-1:hover .fusion-button-icon-divider, .fusion-button.button-1:hover .fusion-button-icon-divider, .fusion-button.button-1:active .fusion-button-icon-divider{border-color:#25b6c3;}.fusion-button.button-1{width:auto;}<\/style><a class=\"fusion-button button-flat fusion-button-round button-large button-default button-1\" target=\"_self\" href=\"https:\/\/www.tecma-tecnologia.com.br\/web\/pt\/laboratorio\/orcamentos\/\"><span class=\"fusion-button-text\">Entre em Contato<\/span><\/a><\/div>\n<p>Sigam a <a href=\"https:\/\/www.tecma-tecnologia.com.br\/web\/\">Tecma<\/a> em todas as nossas plataformas<\/p>\n<p><a href=\"https:\/\/www.instagram.com\/tecmatecnologia\/\">INSTAGRAM TECMA<\/a><\/p>\n<p><a href=\"https:\/\/web.facebook.com\/tecmatecnologia\/?_rdc=1&amp;_rdr\">FACEBOOK TECMA<\/a><\/p>\n<p><a href=\"https:\/\/www.linkedin.com\/company\/934510\/\">LINKEDIN TECMA<\/a><\/p>\n<\/div><div class=\"fusion-clearfix\"><\/div>\n\n\t\t\t\t\t<\/div>\n\t\t\t\t<\/div><div  class=\"fusion-layout-column fusion_builder_column fusion_builder_column_1_4  fusion-one-fourth fusion-column-last 1_4\"  style='margin-top:20px;margin-bottom:20px;width:25%;width:calc(25% - ( ( 4% ) * 0.25 ) );'>\n\t\t\t\t\t<div class=\"fusion-column-wrapper\" style=\"padding: 0px 0px 0px 0px;background-position:left top;background-repeat:no-repeat;-webkit-background-size:cover;-moz-background-size:cover;-o-background-size:cover;background-size:cover;\"  data-bg-url=\"\">\n\t\t\t\t\t\t<div class=\"fusion-widget-area fusion-widget-area-1 fusion-content-widget-area\"><style type=\"text\/css\" scoped=\"scoped\">.fusion-widget-area-1 {padding:0px 0px 0px 0px;}.fusion-widget-area-1 .widget h4 {color:#1eb4c2;}.fusion-widget-area-1 .widget .heading h4 {color:#1eb4c2;}<\/style><div id=\"nav_menu-11\" class=\"widget widget_nav_menu\"><div class=\"menu-servicos-laboratorio-container\"><ul id=\"menu-servicos-laboratorio\" class=\"menu\"><li id=\"menu-item-412\" class=\"menu-item menu-item-type-post_type menu-item-object-page menu-item-412\"><a href=\"https:\/\/www.tecma-tecnologia.com.br\/web\/laboratorio\/ensaios-ambientais\/amostragem\/\">AMOSTRAGEM<\/a><\/li>\n<li id=\"menu-item-815\" class=\"menu-item menu-item-type-post_type menu-item-object-page menu-item-815\"><a href=\"https:\/\/www.tecma-tecnologia.com.br\/web\/laboratorio\/ensaios-ambientais\/ensaios-microbiologicos\/\">ENSAIOS MICROBIOL\u00d3GICOS<\/a><\/li>\n<li id=\"menu-item-814\" class=\"menu-item menu-item-type-post_type menu-item-object-page menu-item-814\"><a href=\"https:\/\/www.tecma-tecnologia.com.br\/web\/laboratorio\/ensaios-ambientais\/ensaios-fisico-quimicos\/\">ENSAIOS F\u00cdSICO QU\u00cdMICOS<\/a><\/li>\n<li id=\"menu-item-813\" class=\"menu-item menu-item-type-post_type menu-item-object-page menu-item-813\"><a href=\"https:\/\/www.tecma-tecnologia.com.br\/web\/laboratorio\/ensaios-ambientais\/ecotoxicidade\/\">ENSAIOS ECOTOXICOL\u00d3GICOS<\/a><\/li>\n<li id=\"menu-item-812\" class=\"menu-item menu-item-type-post_type menu-item-object-page menu-item-812\"><a href=\"https:\/\/www.tecma-tecnologia.com.br\/web\/laboratorio\/ensaios-ambientais\/solos-e-residuos\/\">SOLOS E RES\u00cdDUOS<\/a><\/li>\n<li id=\"menu-item-811\" class=\"menu-item menu-item-type-post_type menu-item-object-page menu-item-811\"><a href=\"https:\/\/www.tecma-tecnologia.com.br\/web\/laboratorio\/ensaios-ambientais\/qualidade-do-ar\/\">AN\u00c1LISE DA QUALIDADE DO AR<\/a><\/li>\n<\/ul><\/div><\/div><div class=\"fusion-additional-widget-content\"><\/div><\/div><div class=\"fusion-clearfix\"><\/div>\n\n\t\t\t\t\t<\/div>\n\t\t\t\t<\/div><\/div><\/div><\/p>\n","protected":false},"excerpt":{"rendered":"","protected":false},"author":1,"featured_media":0,"parent":331,"menu_order":0,"comment_status":"closed","ping_status":"closed","template":"","meta":{"_mi_skip_tracking":false,"spay_email":"","footnotes":""},"class_list":["post-401","page","type-page","status-publish","hentry"],"yoast_head":"<!-- This site is optimized with the Yoast SEO plugin v20.2.1 - https:\/\/yoast.com\/wordpress\/plugins\/seo\/ -->\n<title>Amostragem - Laborat\u00f3rio Ambiental - TECMA Tecnologia<\/title>\n<meta name=\"description\" content=\"A Amostragem \u00e9 de extrema import\u00e2ncia nos resultados laboratoriais. A TECMA \u00e9 certificada pela ISO\/IEC 17025 para a realiza\u00e7\u00e3o de amostragem.Confira !!\" \/>\n<meta name=\"robots\" content=\"index, follow, max-snippet:-1, max-image-preview:large, max-video-preview:-1\" \/>\n<link rel=\"canonical\" href=\"https:\/\/www.tecma-tecnologia.com.br\/web\/laboratorio\/ensaios-ambientais\/amostragem\/\" \/>\n<meta property=\"og:locale\" content=\"pt_BR\" \/>\n<meta property=\"og:type\" content=\"article\" \/>\n<meta property=\"og:title\" content=\"Amostragem - Laborat\u00f3rio Ambiental - TECMA Tecnologia\" \/>\n<meta property=\"og:description\" content=\"A Amostragem \u00e9 de extrema import\u00e2ncia nos resultados laboratoriais. A TECMA \u00e9 certificada pela ISO\/IEC 17025 para a realiza\u00e7\u00e3o de amostragem.Confira !!\" \/>\n<meta property=\"og:url\" content=\"https:\/\/www.tecma-tecnologia.com.br\/web\/laboratorio\/ensaios-ambientais\/amostragem\/\" \/>\n<meta property=\"og:site_name\" content=\"TECMA Tecnologia\" \/>\n<meta property=\"article:modified_time\" content=\"2019-12-30T13:25:39+00:00\" \/>\n<meta name=\"twitter:card\" content=\"summary_large_image\" \/>\n<meta name=\"twitter:label1\" content=\"Est. tempo de leitura\" \/>\n\t<meta name=\"twitter:data1\" content=\"6 minutos\" \/>\n<script type=\"application\/ld+json\" class=\"yoast-schema-graph\">{\"@context\":\"https:\/\/schema.org\",\"@graph\":[{\"@type\":\"WebPage\",\"@id\":\"https:\/\/www.tecma-tecnologia.com.br\/web\/laboratorio\/ensaios-ambientais\/amostragem\/\",\"url\":\"https:\/\/www.tecma-tecnologia.com.br\/web\/laboratorio\/ensaios-ambientais\/amostragem\/\",\"name\":\"Amostragem - Laborat\u00f3rio Ambiental - TECMA Tecnologia\",\"isPartOf\":{\"@id\":\"https:\/\/www.tecma-tecnologia.com.br\/web\/#website\"},\"datePublished\":\"2018-07-20T21:04:17+00:00\",\"dateModified\":\"2019-12-30T13:25:39+00:00\",\"description\":\"A Amostragem \u00e9 de extrema import\u00e2ncia nos resultados laboratoriais. A TECMA \u00e9 certificada pela ISO\/IEC 17025 para a realiza\u00e7\u00e3o de amostragem.Confira !!\",\"breadcrumb\":{\"@id\":\"https:\/\/www.tecma-tecnologia.com.br\/web\/laboratorio\/ensaios-ambientais\/amostragem\/#breadcrumb\"},\"inLanguage\":\"pt-BR\",\"potentialAction\":[{\"@type\":\"ReadAction\",\"target\":[\"https:\/\/www.tecma-tecnologia.com.br\/web\/laboratorio\/ensaios-ambientais\/amostragem\/\"]}]},{\"@type\":\"BreadcrumbList\",\"@id\":\"https:\/\/www.tecma-tecnologia.com.br\/web\/laboratorio\/ensaios-ambientais\/amostragem\/#breadcrumb\",\"itemListElement\":[{\"@type\":\"ListItem\",\"position\":1,\"name\":\"Home\",\"item\":\"https:\/\/www.tecma-tecnologia.com.br\/web\/\"},{\"@type\":\"ListItem\",\"position\":2,\"name\":\"Laborat\u00f3rio\",\"item\":\"https:\/\/www.tecma-tecnologia.com.br\/web\/laboratorio\/\"},{\"@type\":\"ListItem\",\"position\":3,\"name\":\"Ensaios Ambientais\",\"item\":\"https:\/\/www.tecma-tecnologia.com.br\/web\/laboratorio\/ensaios-ambientais\/\"},{\"@type\":\"ListItem\",\"position\":4,\"name\":\"Amostragem\"}]},{\"@type\":\"WebSite\",\"@id\":\"https:\/\/www.tecma-tecnologia.com.br\/web\/#website\",\"url\":\"https:\/\/www.tecma-tecnologia.com.br\/web\/\",\"name\":\"TECMA Tecnologia\",\"description\":\"\",\"potentialAction\":[{\"@type\":\"SearchAction\",\"target\":{\"@type\":\"EntryPoint\",\"urlTemplate\":\"https:\/\/www.tecma-tecnologia.com.br\/web\/?s={search_term_string}\"},\"query-input\":\"required name=search_term_string\"}],\"inLanguage\":\"pt-BR\"}]}<\/script>\n<!-- \/ Yoast SEO plugin. -->","yoast_head_json":{"title":"Amostragem - Laborat\u00f3rio Ambiental - TECMA Tecnologia","description":"A Amostragem \u00e9 de extrema import\u00e2ncia nos resultados laboratoriais. A TECMA \u00e9 certificada pela ISO\/IEC 17025 para a realiza\u00e7\u00e3o de amostragem.Confira !!","robots":{"index":"index","follow":"follow","max-snippet":"max-snippet:-1","max-image-preview":"max-image-preview:large","max-video-preview":"max-video-preview:-1"},"canonical":"https:\/\/www.tecma-tecnologia.com.br\/web\/laboratorio\/ensaios-ambientais\/amostragem\/","og_locale":"pt_BR","og_type":"article","og_title":"Amostragem - Laborat\u00f3rio Ambiental - TECMA Tecnologia","og_description":"A Amostragem \u00e9 de extrema import\u00e2ncia nos resultados laboratoriais. A TECMA \u00e9 certificada pela ISO\/IEC 17025 para a realiza\u00e7\u00e3o de amostragem.Confira !!","og_url":"https:\/\/www.tecma-tecnologia.com.br\/web\/laboratorio\/ensaios-ambientais\/amostragem\/","og_site_name":"TECMA Tecnologia","article_modified_time":"2019-12-30T13:25:39+00:00","twitter_card":"summary_large_image","twitter_misc":{"Est. tempo de leitura":"6 minutos"},"schema":{"@context":"https:\/\/schema.org","@graph":[{"@type":"WebPage","@id":"https:\/\/www.tecma-tecnologia.com.br\/web\/laboratorio\/ensaios-ambientais\/amostragem\/","url":"https:\/\/www.tecma-tecnologia.com.br\/web\/laboratorio\/ensaios-ambientais\/amostragem\/","name":"Amostragem - Laborat\u00f3rio Ambiental - TECMA Tecnologia","isPartOf":{"@id":"https:\/\/www.tecma-tecnologia.com.br\/web\/#website"},"datePublished":"2018-07-20T21:04:17+00:00","dateModified":"2019-12-30T13:25:39+00:00","description":"A Amostragem \u00e9 de extrema import\u00e2ncia nos resultados laboratoriais. A TECMA \u00e9 certificada pela ISO\/IEC 17025 para a realiza\u00e7\u00e3o de amostragem.Confira !!","breadcrumb":{"@id":"https:\/\/www.tecma-tecnologia.com.br\/web\/laboratorio\/ensaios-ambientais\/amostragem\/#breadcrumb"},"inLanguage":"pt-BR","potentialAction":[{"@type":"ReadAction","target":["https:\/\/www.tecma-tecnologia.com.br\/web\/laboratorio\/ensaios-ambientais\/amostragem\/"]}]},{"@type":"BreadcrumbList","@id":"https:\/\/www.tecma-tecnologia.com.br\/web\/laboratorio\/ensaios-ambientais\/amostragem\/#breadcrumb","itemListElement":[{"@type":"ListItem","position":1,"name":"Home","item":"https:\/\/www.tecma-tecnologia.com.br\/web\/"},{"@type":"ListItem","position":2,"name":"Laborat\u00f3rio","item":"https:\/\/www.tecma-tecnologia.com.br\/web\/laboratorio\/"},{"@type":"ListItem","position":3,"name":"Ensaios Ambientais","item":"https:\/\/www.tecma-tecnologia.com.br\/web\/laboratorio\/ensaios-ambientais\/"},{"@type":"ListItem","position":4,"name":"Amostragem"}]},{"@type":"WebSite","@id":"https:\/\/www.tecma-tecnologia.com.br\/web\/#website","url":"https:\/\/www.tecma-tecnologia.com.br\/web\/","name":"TECMA Tecnologia","description":"","potentialAction":[{"@type":"SearchAction","target":{"@type":"EntryPoint","urlTemplate":"https:\/\/www.tecma-tecnologia.com.br\/web\/?s={search_term_string}"},"query-input":"required name=search_term_string"}],"inLanguage":"pt-BR"}]}},"_links":{"self":[{"href":"https:\/\/www.tecma-tecnologia.com.br\/web\/wp-json\/wp\/v2\/pages\/401","targetHints":{"allow":["GET"]}}],"collection":[{"href":"https:\/\/www.tecma-tecnologia.com.br\/web\/wp-json\/wp\/v2\/pages"}],"about":[{"href":"https:\/\/www.tecma-tecnologia.com.br\/web\/wp-json\/wp\/v2\/types\/page"}],"author":[{"embeddable":true,"href":"https:\/\/www.tecma-tecnologia.com.br\/web\/wp-json\/wp\/v2\/users\/1"}],"replies":[{"embeddable":true,"href":"https:\/\/www.tecma-tecnologia.com.br\/web\/wp-json\/wp\/v2\/comments?post=401"}],"version-history":[{"count":4,"href":"https:\/\/www.tecma-tecnologia.com.br\/web\/wp-json\/wp\/v2\/pages\/401\/revisions"}],"predecessor-version":[{"id":3365,"href":"https:\/\/www.tecma-tecnologia.com.br\/web\/wp-json\/wp\/v2\/pages\/401\/revisions\/3365"}],"up":[{"embeddable":true,"href":"https:\/\/www.tecma-tecnologia.com.br\/web\/wp-json\/wp\/v2\/pages\/331"}],"wp:attachment":[{"href":"https:\/\/www.tecma-tecnologia.com.br\/web\/wp-json\/wp\/v2\/media?parent=401"}],"curies":[{"name":"wp","href":"https:\/\/api.w.org\/{rel}","templated":true}]}}