{"id":331,"date":"2018-07-20T16:17:47","date_gmt":"2018-07-20T19:17:47","guid":{"rendered":"http:\/\/www.tecma-tecnologia.com.br\/web\/?page_id=331"},"modified":"2019-12-26T17:23:28","modified_gmt":"2019-12-26T20:23:28","slug":"ensaios-ambientais","status":"publish","type":"page","link":"https:\/\/www.tecma-tecnologia.com.br\/web\/laboratorio\/ensaios-ambientais\/","title":{"rendered":"Ensaios Ambientais"},"content":{"rendered":"<p><div class=\"fusion-fullwidth fullwidth-box nonhundred-percent-fullwidth non-hundred-percent-height-scrolling\"  style='background-color: rgba(255,255,255,0);background-position: center center;background-repeat: no-repeat;padding-top:0px;padding-right:0px;padding-bottom:0px;padding-left:0px;'><div class=\"fusion-builder-row fusion-row \"><div  class=\"fusion-layout-column fusion_builder_column fusion_builder_column_1_1  fusion-one-full fusion-column-first fusion-column-last 1_1\"  style='margin-top:0px;margin-bottom:0px;'>\n\t\t\t\t\t<div class=\"fusion-column-wrapper\" style=\"padding: 0px 0px 0px 0px;background-position:left top;background-repeat:no-repeat;-webkit-background-size:cover;-moz-background-size:cover;-o-background-size:cover;background-size:cover;\"  data-bg-url=\"\">\n\t\t\t\t\t\t<div class=\"fusion-title title fusion-sep-none fusion-title-size-one\" style=\"margin-top:0px;margin-bottom:31px;\"><h1 class=\"title-heading-left\"><h3>Laborat\u00f3rio de Ensaios Ambientais<\/h3><\/h1><\/div><div class=\"fusion-clearfix\"><\/div>\n\n\t\t\t\t\t<\/div>\n\t\t\t\t<\/div><div  class=\"fusion-layout-column fusion_builder_column fusion_builder_column_1_1  fusion-one-full fusion-column-first fusion-column-last 1_1\"  style='margin-top:0px;margin-bottom:20px;'>\n\t\t\t\t\t<div class=\"fusion-column-wrapper\" style=\"padding: 0px 0px 0px 0px;background-position:left top;background-repeat:no-repeat;-webkit-background-size:cover;-moz-background-size:cover;-o-background-size:cover;background-size:cover;\"  data-bg-url=\"\">\n\t\t\t\t\t\t<div class=\"imageframe-align-center\"><span class=\"fusion-imageframe imageframe-none imageframe-1 hover-type-none\"><img fetchpriority=\"high\" fetchpriority=\"high\" decoding=\"async\" src=\"https:\/\/www.tecma-tecnologia.com.br\/web\/wp-content\/uploads\/2018\/12\/Absor\u00e7\u00e3o-At\u00f4mica.png\" width=\"1500\" height=\"500\" alt=\"\" title=\"Absorc\u0327a\u0303o Ato\u0302mica\" class=\"img-responsive wp-image-1370\"\/><\/span><\/div><div class=\"fusion-clearfix\"><\/div>\n\n\t\t\t\t\t<\/div>\n\t\t\t\t<\/div><\/div><\/div><div class=\"fusion-fullwidth fullwidth-box nonhundred-percent-fullwidth non-hundred-percent-height-scrolling\"  style='background-color: rgba(255,255,255,0);background-position: center center;background-repeat: no-repeat;padding-top:0px;padding-right:0px;padding-bottom:0px;padding-left:0px;'><div class=\"fusion-builder-row fusion-row \"><div  class=\"fusion-layout-column fusion_builder_column fusion_builder_column_1_1  fusion-one-full fusion-column-first fusion-column-last 1_1\"  style='margin-top:0px;margin-bottom:20px;'>\n\t\t\t\t\t<div class=\"fusion-column-wrapper\" style=\"padding: 0px 0px 0px 0px;background-position:left top;background-repeat:no-repeat;-webkit-background-size:cover;-moz-background-size:cover;-o-background-size:cover;background-size:cover;\"  data-bg-url=\"\">\n\t\t\t\t\t\t<div class=\"fusion-text\"><h4><strong>Laborat\u00f3rio de ensaios ambientais, monitoramentos ambientais e servi\u00e7os completos para o mercado ambiental.<\/strong><\/h4>\n<p>Os Laborat\u00f3rios da <strong>TECMA\u00a0<\/strong>possuem uma ampla variedade de projetos &#8211; independentemente de escopo, complexidade e\/ou log\u00edstica. Nossa lista de Certifica\u00e7\u00f5es e \u00a0Acredita\u00e7\u00f5es fornece cobertura nacional e internacional para atender aos requisitos de conformidade ambiental ou para apoiar projetos e\/ou estudos de Engenharia. Nossa capacidade anal\u00edtica de rotina incluem: metais pesados, minerais, an\u00e1lises microbiol\u00f3gicas em solo, ar e res\u00edduos.<\/p>\n<p>Nossos diferenciais s\u00e3o:<\/p>\n<ul>\n<li>Equipe T\u00e9cnica Investigativa<\/li>\n<li>Interpreta\u00e7\u00e3o dos Ensaios<\/li>\n<li>Suporte T\u00e9cnico Qualificado<\/li>\n<li>Corpo T\u00e9cnico Diversificado<\/li>\n<li>Experi\u00eancia<\/li>\n<\/ul>\n<p>Nossas instala\u00e7\u00f5es permitem simplificar o fluxo de amostras em nossos laborat\u00f3rios resultando em aumento de produtividade e de qualidade. Nossos relat\u00f3rios de ensaios n\u00e3o s\u00e3o somente um resultado do ensaio anal\u00edtico, eles passam pela interpreta\u00e7\u00e3o t\u00e9cnica dos ensaios. O que permite fazer associa\u00e7\u00f5es interativas com determinados grupo de par\u00e2metros facilitando a interpreta\u00e7\u00e3o e a investiga\u00e7\u00e3o do resultado laboratorial.<\/p>\n<p><strong>TEM INTERESSE EM SABER MAIS SOBRE INTERPRETA\u00c7\u00c3O DE RESULTADOS E NOSSOS ENSAIOS LABORATORIAS?<\/strong><\/p>\n<h4><div class=\"fusion-button-wrapper\"><style type=\"text\/css\" scoped=\"scoped\">.fusion-button.button-1 .fusion-button-text, .fusion-button.button-1 i {color:#ffffff;}.fusion-button.button-1 {border-width:0px;border-color:#ffffff;}.fusion-button.button-1 .fusion-button-icon-divider{border-color:#ffffff;}.fusion-button.button-1:hover .fusion-button-text, .fusion-button.button-1:hover i,.fusion-button.button-1:focus .fusion-button-text, .fusion-button.button-1:focus i,.fusion-button.button-1:active .fusion-button-text, .fusion-button.button-1:active{color:#25b6c3;}.fusion-button.button-1:hover, .fusion-button.button-1:focus, .fusion-button.button-1:active{border-width:0px;border-color:#25b6c3;}.fusion-button.button-1:hover .fusion-button-icon-divider, .fusion-button.button-1:hover .fusion-button-icon-divider, .fusion-button.button-1:active .fusion-button-icon-divider{border-color:#25b6c3;}.fusion-button.button-1{width:auto;}<\/style><a class=\"fusion-button button-flat fusion-button-round button-large button-default button-1\" target=\"_self\" href=\"https:\/\/www.tecma-tecnologia.com.br\/web\/pt\/laboratorio\/orcamentos\/\"><span class=\"fusion-button-text\">ENTRE EM CONTATO HOJE<\/span><\/a><\/div><\/h4>\n<p>A <strong>TECMA\u00a0<\/strong>possui experi\u00eancia de mais de 32 anos operando seus laborat\u00f3rios desde 1986 com os mais diversificados projetos.<\/p>\n<\/div><div class=\"fusion-sep-clear\"><\/div><div class=\"fusion-separator fusion-full-width-sep sep-single sep-solid\" style=\"border-color:#e0dede;border-top-width:1px;margin-left: auto;margin-right: auto;margin-top:;\"><\/div><div class=\"fusion-builder-row fusion-builder-row-inner fusion-row \"><div  class=\"fusion-layout-column fusion_builder_column fusion_builder_column_1_3  fusion-one-third fusion-column-first 1_3\"  style='margin-top: 0px;margin-bottom: 20px;width:33.33%;width:calc(33.33% - ( ( 4% ) * 0.3333 ) );margin-right:4%;'>\n\t\t\t\t\t<div class=\"fusion-column-wrapper\" style=\"padding: 0px 0px 0px 0px;background-position:left top;background-repeat:no-repeat;-webkit-background-size:cover;-moz-background-size:cover;-o-background-size:cover;background-size:cover;\"  data-bg-url=\"\">\n\t\t\t\t\t\t<span class=\"fusion-imageframe imageframe-none imageframe-2 hover-type-none\"><img decoding=\"async\" src=\"https:\/\/www.tecma-tecnologia.com.br\/web\/wp-content\/uploads\/2018\/12\/boleto-90-001.png\" width=\"530\" height=\"1043\" alt=\"\" title=\"Boleto 90_001\" class=\"img-responsive wp-image-1384\" srcset=\"https:\/\/www.tecma-tecnologia.com.br\/web\/wp-content\/uploads\/2018\/12\/Boleto-90_001-200x393.png 200w, https:\/\/www.tecma-tecnologia.com.br\/web\/wp-content\/uploads\/2018\/12\/Boleto-90_001-400x787.png 400w, https:\/\/www.tecma-tecnologia.com.br\/web\/wp-content\/uploads\/2018\/12\/boleto-90-001.png 530w, https:\/\/www.tecma-tecnologia.com.br\/web\/wp-content\/uploads\/2018\/12\/Boleto-90_001-600x1180.png 600w, https:\/\/www.tecma-tecnologia.com.br\/web\/wp-content\/uploads\/2018\/12\/Boleto-90_001-800x1574.png 800w, https:\/\/www.tecma-tecnologia.com.br\/web\/wp-content\/uploads\/2018\/12\/Boleto-90_001-1200x2360.png 1200w\" sizes=\"(max-width: 800px) 100vw, 1200px\" \/><\/span>\n\n\t\t\t\t\t<\/div>\n\t\t\t\t<\/div><div  class=\"fusion-layout-column fusion_builder_column fusion_builder_column_2_3  fusion-two-third fusion-column-last 2_3\"  style='margin-top: 0px;margin-bottom: 20px;width:66.66%;width:calc(66.66% - ( ( 4% ) * 0.6666 ) );'>\n\t\t\t\t\t<div class=\"fusion-column-wrapper\" style=\"padding: 0px 0px 0px 0px;background-position:left top;background-repeat:no-repeat;-webkit-background-size:cover;-moz-background-size:cover;-o-background-size:cover;background-size:cover;\"  data-bg-url=\"\">\n\t\t\t\t\t\t<div class=\"fusion-text\"><h3>Cart\u00e3o BNDES<\/h3>\n<p>O que \u00e9 o cart\u00e3o BNDES? \u00c9 um cart\u00e3o de cr\u00e9dito que visa auxiliar as micro, pequenas e m\u00e9dias empresas que estiverem em dia com suas responsabilidades (FGTS,INSS, RAIS e tributos federais) na aquisi\u00e7\u00e3o de servi\u00e7os.<\/p>\n<p>Vantagens<\/p>\n<ul>\n<li>Cr\u00e9dito pr\u00e9 aprovado<\/li>\n<li>Limite de cr\u00e9dito at\u00e9 R$1 milh\u00e3o por cart\u00e3o BNDES, por banco emissor,<\/li>\n<li>Prazo em at\u00e9 48 meses com presta\u00e7\u00f5es fixas<\/li>\n<li>Taxa de juros atrativa<\/li>\n<\/ul>\n<p>Seu programa de Monitoramento pode ser financiado atrav\u00e9s do nossos ensaios!!<\/p>\n<div class=\"fusion-button-wrapper\"><style type=\"text\/css\" scoped=\"scoped\">.fusion-button.button-2 .fusion-button-text, .fusion-button.button-2 i {color:#ffffff;}.fusion-button.button-2 {border-width:0px;border-color:#ffffff;}.fusion-button.button-2 .fusion-button-icon-divider{border-color:#ffffff;}.fusion-button.button-2:hover .fusion-button-text, .fusion-button.button-2:hover i,.fusion-button.button-2:focus .fusion-button-text, .fusion-button.button-2:focus i,.fusion-button.button-2:active .fusion-button-text, .fusion-button.button-2:active{color:#25b6c3;}.fusion-button.button-2:hover, .fusion-button.button-2:focus, .fusion-button.button-2:active{border-width:0px;border-color:#25b6c3;}.fusion-button.button-2:hover .fusion-button-icon-divider, .fusion-button.button-2:hover .fusion-button-icon-divider, .fusion-button.button-2:active .fusion-button-icon-divider{border-color:#25b6c3;}.fusion-button.button-2{width:auto;}<\/style><a class=\"fusion-button button-flat fusion-button-round button-large button-default button-2\" target=\"_self\" href=\"https:\/\/www.cartaobndes.gov.br\/cartaobndes\/PaginasCartao\/Catalogo.asp?Acao=DF&amp;CTRL=&amp;Cod=358917\"><span class=\"fusion-button-text\">Cat\u00e1logo de Servi\u00e7os BNDES<\/span><\/a><\/div>\n<\/div>\n\n\t\t\t\t\t<\/div>\n\t\t\t\t<\/div><\/div><div class=\"fusion-clearfix\"><\/div>\n\n\t\t\t\t\t<\/div>\n\t\t\t\t<\/div><\/div><\/div><div class=\"fusion-fullwidth fullwidth-box nonhundred-percent-fullwidth non-hundred-percent-height-scrolling\"  style='background-color: rgba(255,255,255,0);background-position: center center;background-repeat: no-repeat;padding-top:0px;padding-right:0px;padding-bottom:0px;padding-left:0px;'><div class=\"fusion-builder-row fusion-row \"><div id=\"blackandwhite\" class=\"fusion-layout-column fusion_builder_column fusion_builder_column_1_4  fusion-one-fourth fusion-column-first fusion-spacing-no 1_4\"  style='margin-top:0px;margin-bottom:20px;width:25%;width:calc(25% - ( ( 4% ) * 0.25 ) );margin-right: 0px;'>\n\t\t\t\t\t<div class=\"fusion-column-wrapper\" style=\"padding: 0px 0px 0px 0px;background-position:left top;background-repeat:no-repeat;-webkit-background-size:cover;-moz-background-size:cover;-o-background-size:cover;background-size:cover;\"  data-bg-url=\"\">\n\t\t\t\t\t\t<span style=\"border:1px solid #ffffff;\" class=\"fusion-imageframe imageframe-none imageframe-3 hover-type-none\"><a class=\"fusion-no-lightbox\" href=\"https:\/\/www.tecma-tecnologia.com.br\/web\/pt\/laboratorio\/servicos\/amostragem\/\" target=\"_self\" aria-label=\"servicos-bt01\"><img decoding=\"async\" src=\"https:\/\/www.tecma-tecnologia.com.br\/web\/wp-content\/uploads\/2018\/07\/servicos-bt01.jpg\" width=\"195\" height=\"185\" alt=\"\" class=\"img-responsive wp-image-332\"\/><\/a><\/span><span style=\"border:1px solid #ffffff;\" class=\"fusion-imageframe imageframe-none imageframe-4 hover-type-none\"><a class=\"fusion-no-lightbox\" href=\"https:\/\/www.tecma-tecnologia.com.br\/web\/pt\/laboratorio\/servicos\/ensaios-ecotoxicologicos\/\" target=\"_self\" aria-label=\"servicos-bt04\"><img loading=\"lazy\" loading=\"lazy\" decoding=\"async\" src=\"https:\/\/www.tecma-tecnologia.com.br\/web\/wp-content\/uploads\/2018\/07\/servicos-bt04.jpg\" width=\"195\" height=\"185\" alt=\"\" class=\"img-responsive wp-image-335\"\/><\/a><\/span><div class=\"fusion-clearfix\"><\/div>\n\n\t\t\t\t\t<\/div>\n\t\t\t\t<\/div><div id=\"blackandwhite\" class=\"fusion-layout-column fusion_builder_column fusion_builder_column_1_4  fusion-one-fourth fusion-spacing-no 1_4\"  style='margin-top:0px;margin-bottom:20px;width:25%;width:calc(25% - ( ( 4% ) * 0.25 ) );margin-right: 0px;'>\n\t\t\t\t\t<div class=\"fusion-column-wrapper\" style=\"padding: 0px 0px 0px 0px;background-position:left top;background-repeat:no-repeat;-webkit-background-size:cover;-moz-background-size:cover;-o-background-size:cover;background-size:cover;\"  data-bg-url=\"\">\n\t\t\t\t\t\t<span style=\"border:1px solid #ffffff;\" class=\"fusion-imageframe imageframe-none imageframe-5 hover-type-none\"><a class=\"fusion-no-lightbox\" href=\"https:\/\/www.tecma-tecnologia.com.br\/web\/pt\/laboratorio\/servicos\/ensaios-microbiologicos\/\" target=\"_self\" aria-label=\"servicos-bt02\"><img loading=\"lazy\" loading=\"lazy\" decoding=\"async\" src=\"https:\/\/www.tecma-tecnologia.com.br\/web\/wp-content\/uploads\/2018\/07\/servicos-bt02.jpg\" width=\"195\" height=\"185\" alt=\"\" class=\"img-responsive wp-image-333\"\/><\/a><\/span><span style=\"border:1px solid #ffffff;\" class=\"fusion-imageframe imageframe-none imageframe-6 hover-type-none\"><a class=\"fusion-no-lightbox\" href=\"https:\/\/www.tecma-tecnologia.com.br\/web\/pt\/laboratorio\/servicos\/solos-e-residuos\/\" target=\"_self\" aria-label=\"servicos-bt05\"><img loading=\"lazy\" loading=\"lazy\" decoding=\"async\" src=\"https:\/\/www.tecma-tecnologia.com.br\/web\/wp-content\/uploads\/2018\/07\/servicos-bt05.jpg\" width=\"195\" height=\"185\" alt=\"\" class=\"img-responsive wp-image-336\"\/><\/a><\/span><div class=\"fusion-clearfix\"><\/div>\n\n\t\t\t\t\t<\/div>\n\t\t\t\t<\/div><div id=\"blackandwhite\" class=\"fusion-layout-column fusion_builder_column fusion_builder_column_1_4  fusion-one-fourth 1_4\"  style='margin-top:0px;margin-bottom:20px;width:25%;width:calc(25% - ( ( 4% ) * 0.25 ) );margin-right: 4%;'>\n\t\t\t\t\t<div class=\"fusion-column-wrapper\" style=\"padding: 0px 0px 0px 0px;background-position:left top;background-repeat:no-repeat;-webkit-background-size:cover;-moz-background-size:cover;-o-background-size:cover;background-size:cover;\"  data-bg-url=\"\">\n\t\t\t\t\t\t<span style=\"border:1px solid #ffffff;\" class=\"fusion-imageframe imageframe-none imageframe-7 hover-type-none\"><a class=\"fusion-no-lightbox\" href=\"https:\/\/www.tecma-tecnologia.com.br\/web\/pt\/laboratorio\/servicos\/ensaios-fisico-quimicos\/\" target=\"_self\" aria-label=\"servicos-bt03\"><img loading=\"lazy\" loading=\"lazy\" decoding=\"async\" src=\"https:\/\/www.tecma-tecnologia.com.br\/web\/wp-content\/uploads\/2018\/07\/servicos-bt03.jpg\" width=\"195\" height=\"185\" alt=\"\" class=\"img-responsive wp-image-334\"\/><\/a><\/span><span style=\"border:1px solid #ffffff;\" class=\"fusion-imageframe imageframe-none imageframe-8 hover-type-none\"><a class=\"fusion-no-lightbox\" href=\"https:\/\/www.tecma-tecnologia.com.br\/web\/pt\/laboratorio\/servicos\/analise-da-qualidade-do-ar\/\" target=\"_self\" aria-label=\"servicos-bt06\"><img loading=\"lazy\" loading=\"lazy\" decoding=\"async\" src=\"https:\/\/www.tecma-tecnologia.com.br\/web\/wp-content\/uploads\/2018\/07\/servicos-bt06.jpg\" width=\"195\" height=\"185\" alt=\"\" class=\"img-responsive wp-image-337\"\/><\/a><\/span><div class=\"fusion-clearfix\"><\/div>\n\n\t\t\t\t\t<\/div>\n\t\t\t\t<\/div><div  class=\"fusion-layout-column fusion_builder_column fusion_builder_column_1_4  fusion-one-fourth fusion-column-last 1_4\"  style='margin-top:20px;margin-bottom:20px;width:25%;width:calc(25% - ( ( 4% ) * 0.25 ) );'>\n\t\t\t\t\t<div class=\"fusion-column-wrapper\" style=\"padding: 0px 0px 0px 0px;background-position:left top;background-repeat:no-repeat;-webkit-background-size:cover;-moz-background-size:cover;-o-background-size:cover;background-size:cover;\"  data-bg-url=\"\">\n\t\t\t\t\t\t<span class=\"fusion-imageframe imageframe-none imageframe-9 hover-type-none\"><img loading=\"lazy\" loading=\"lazy\" decoding=\"async\" src=\"https:\/\/www.tecma-tecnologia.com.br\/web\/wp-content\/uploads\/2018\/07\/monitoramentos-div1.jpg\" width=\"202\" height=\"51\" alt=\"\" title=\"monitoramentos-div1\" class=\"img-responsive wp-image-228\" srcset=\"https:\/\/www.tecma-tecnologia.com.br\/web\/wp-content\/uploads\/2018\/07\/monitoramentos-div1-200x50.jpg 200w, https:\/\/www.tecma-tecnologia.com.br\/web\/wp-content\/uploads\/2018\/07\/monitoramentos-div1.jpg 202w\" sizes=\"auto, (max-width: 800px) 100vw, 202px\" \/><\/span><div class=\"fusion-title title fusion-sep-none fusion-title-center fusion-title-size-three\" style=\"margin-top:0px;margin-bottom:31px;\"><h3 class=\"title-heading-center\"><a href=\"https:\/\/www.tecma-tecnologia.com.br\/web\/pt\/solucoes\/monitoramentos-ambientais\/\"><span style=\"font-size: 18px;\">MONITORAMENTO E DIAGN\u00d3STICOS AMBIENTAIS<\/span><\/a><\/h3><\/div><span class=\"fusion-imageframe imageframe-none imageframe-10 hover-type-none\" id=\"quote-bottom\"><img decoding=\"async\" src=\"https:\/\/www.tecma-tecnologia.com.br\/web\/wp-content\/uploads\/2018\/07\/monitoramentos-div2.jpg\" width=\"\" height=\"\" alt=\"\" title=\"\" class=\"img-responsive\"\/><\/span><div class=\"fusion-clearfix\"><\/div>\n\n\t\t\t\t\t<\/div>\n\t\t\t\t<\/div><\/div><\/div><\/p>\n","protected":false},"excerpt":{"rendered":"","protected":false},"author":1,"featured_media":1370,"parent":377,"menu_order":0,"comment_status":"closed","ping_status":"closed","template":"","meta":{"_mi_skip_tracking":false,"spay_email":"","footnotes":""},"class_list":["post-331","page","type-page","status-publish","has-post-thumbnail","hentry"],"yoast_head":"<!-- This site is optimized with the Yoast SEO plugin v20.2.1 - https:\/\/yoast.com\/wordpress\/plugins\/seo\/ -->\n<title>Ensaios Ambientais - Laborat\u00f3rios Ambientais - TECMA Tecnologia<\/title>\n<meta name=\"description\" content=\"Laborat\u00f3rios de Ensaios Ambientais, Monitoramentos, ensaios microbiol\u00f3gicos, f\u00edsicoquimicos, ecotoxicidade, solos, res\u00edduos, amostragem e diagn\u00f3sticos.\" \/>\n<meta name=\"robots\" content=\"index, follow, max-snippet:-1, max-image-preview:large, max-video-preview:-1\" \/>\n<link rel=\"canonical\" href=\"https:\/\/www.tecma-tecnologia.com.br\/web\/laboratorio\/ensaios-ambientais\/\" \/>\n<meta property=\"og:locale\" content=\"pt_BR\" \/>\n<meta property=\"og:type\" content=\"article\" \/>\n<meta property=\"og:title\" content=\"Ensaios Ambientais - Laborat\u00f3rios Ambientais - TECMA Tecnologia\" \/>\n<meta property=\"og:description\" content=\"Laborat\u00f3rios de Ensaios Ambientais, Monitoramentos, ensaios microbiol\u00f3gicos, f\u00edsicoquimicos, ecotoxicidade, solos, res\u00edduos, amostragem e diagn\u00f3sticos.\" \/>\n<meta property=\"og:url\" content=\"https:\/\/www.tecma-tecnologia.com.br\/web\/laboratorio\/ensaios-ambientais\/\" \/>\n<meta property=\"og:site_name\" content=\"TECMA Tecnologia\" \/>\n<meta property=\"article:modified_time\" content=\"2019-12-26T20:23:28+00:00\" \/>\n<meta property=\"og:image\" content=\"https:\/\/www.tecma-tecnologia.com.br\/web\/wp-content\/uploads\/2018\/12\/absorcao-atomica.png\" \/>\n\t<meta property=\"og:image:width\" content=\"1500\" \/>\n\t<meta property=\"og:image:height\" content=\"500\" \/>\n\t<meta property=\"og:image:type\" content=\"image\/png\" \/>\n<meta name=\"twitter:card\" content=\"summary_large_image\" \/>\n<meta name=\"twitter:label1\" content=\"Est. tempo de leitura\" \/>\n\t<meta name=\"twitter:data1\" content=\"11 minutos\" \/>\n<script type=\"application\/ld+json\" class=\"yoast-schema-graph\">{\"@context\":\"https:\/\/schema.org\",\"@graph\":[{\"@type\":\"WebPage\",\"@id\":\"https:\/\/www.tecma-tecnologia.com.br\/web\/laboratorio\/ensaios-ambientais\/\",\"url\":\"https:\/\/www.tecma-tecnologia.com.br\/web\/laboratorio\/ensaios-ambientais\/\",\"name\":\"Ensaios Ambientais - Laborat\u00f3rios Ambientais - TECMA Tecnologia\",\"isPartOf\":{\"@id\":\"https:\/\/www.tecma-tecnologia.com.br\/web\/#website\"},\"datePublished\":\"2018-07-20T19:17:47+00:00\",\"dateModified\":\"2019-12-26T20:23:28+00:00\",\"description\":\"Laborat\u00f3rios de Ensaios Ambientais, Monitoramentos, ensaios microbiol\u00f3gicos, f\u00edsicoquimicos, ecotoxicidade, solos, res\u00edduos, amostragem e diagn\u00f3sticos.\",\"breadcrumb\":{\"@id\":\"https:\/\/www.tecma-tecnologia.com.br\/web\/laboratorio\/ensaios-ambientais\/#breadcrumb\"},\"inLanguage\":\"pt-BR\",\"potentialAction\":[{\"@type\":\"ReadAction\",\"target\":[\"https:\/\/www.tecma-tecnologia.com.br\/web\/laboratorio\/ensaios-ambientais\/\"]}]},{\"@type\":\"BreadcrumbList\",\"@id\":\"https:\/\/www.tecma-tecnologia.com.br\/web\/laboratorio\/ensaios-ambientais\/#breadcrumb\",\"itemListElement\":[{\"@type\":\"ListItem\",\"position\":1,\"name\":\"Home\",\"item\":\"https:\/\/www.tecma-tecnologia.com.br\/web\/\"},{\"@type\":\"ListItem\",\"position\":2,\"name\":\"Laborat\u00f3rio\",\"item\":\"https:\/\/www.tecma-tecnologia.com.br\/web\/laboratorio\/\"},{\"@type\":\"ListItem\",\"position\":3,\"name\":\"Ensaios Ambientais\"}]},{\"@type\":\"WebSite\",\"@id\":\"https:\/\/www.tecma-tecnologia.com.br\/web\/#website\",\"url\":\"https:\/\/www.tecma-tecnologia.com.br\/web\/\",\"name\":\"TECMA Tecnologia\",\"description\":\"\",\"potentialAction\":[{\"@type\":\"SearchAction\",\"target\":{\"@type\":\"EntryPoint\",\"urlTemplate\":\"https:\/\/www.tecma-tecnologia.com.br\/web\/?s={search_term_string}\"},\"query-input\":\"required name=search_term_string\"}],\"inLanguage\":\"pt-BR\"}]}<\/script>\n<!-- \/ Yoast SEO plugin. -->","yoast_head_json":{"title":"Ensaios Ambientais - Laborat\u00f3rios Ambientais - TECMA Tecnologia","description":"Laborat\u00f3rios de Ensaios Ambientais, Monitoramentos, ensaios microbiol\u00f3gicos, f\u00edsicoquimicos, ecotoxicidade, solos, res\u00edduos, amostragem e diagn\u00f3sticos.","robots":{"index":"index","follow":"follow","max-snippet":"max-snippet:-1","max-image-preview":"max-image-preview:large","max-video-preview":"max-video-preview:-1"},"canonical":"https:\/\/www.tecma-tecnologia.com.br\/web\/laboratorio\/ensaios-ambientais\/","og_locale":"pt_BR","og_type":"article","og_title":"Ensaios Ambientais - Laborat\u00f3rios Ambientais - TECMA Tecnologia","og_description":"Laborat\u00f3rios de Ensaios Ambientais, Monitoramentos, ensaios microbiol\u00f3gicos, f\u00edsicoquimicos, ecotoxicidade, solos, res\u00edduos, amostragem e diagn\u00f3sticos.","og_url":"https:\/\/www.tecma-tecnologia.com.br\/web\/laboratorio\/ensaios-ambientais\/","og_site_name":"TECMA Tecnologia","article_modified_time":"2019-12-26T20:23:28+00:00","og_image":[{"width":1500,"height":500,"url":"https:\/\/www.tecma-tecnologia.com.br\/web\/wp-content\/uploads\/2018\/12\/absorcao-atomica.png","type":"image\/png"}],"twitter_card":"summary_large_image","twitter_misc":{"Est. tempo de leitura":"11 minutos"},"schema":{"@context":"https:\/\/schema.org","@graph":[{"@type":"WebPage","@id":"https:\/\/www.tecma-tecnologia.com.br\/web\/laboratorio\/ensaios-ambientais\/","url":"https:\/\/www.tecma-tecnologia.com.br\/web\/laboratorio\/ensaios-ambientais\/","name":"Ensaios Ambientais - Laborat\u00f3rios Ambientais - TECMA Tecnologia","isPartOf":{"@id":"https:\/\/www.tecma-tecnologia.com.br\/web\/#website"},"datePublished":"2018-07-20T19:17:47+00:00","dateModified":"2019-12-26T20:23:28+00:00","description":"Laborat\u00f3rios de Ensaios Ambientais, Monitoramentos, ensaios microbiol\u00f3gicos, f\u00edsicoquimicos, ecotoxicidade, solos, res\u00edduos, amostragem e diagn\u00f3sticos.","breadcrumb":{"@id":"https:\/\/www.tecma-tecnologia.com.br\/web\/laboratorio\/ensaios-ambientais\/#breadcrumb"},"inLanguage":"pt-BR","potentialAction":[{"@type":"ReadAction","target":["https:\/\/www.tecma-tecnologia.com.br\/web\/laboratorio\/ensaios-ambientais\/"]}]},{"@type":"BreadcrumbList","@id":"https:\/\/www.tecma-tecnologia.com.br\/web\/laboratorio\/ensaios-ambientais\/#breadcrumb","itemListElement":[{"@type":"ListItem","position":1,"name":"Home","item":"https:\/\/www.tecma-tecnologia.com.br\/web\/"},{"@type":"ListItem","position":2,"name":"Laborat\u00f3rio","item":"https:\/\/www.tecma-tecnologia.com.br\/web\/laboratorio\/"},{"@type":"ListItem","position":3,"name":"Ensaios Ambientais"}]},{"@type":"WebSite","@id":"https:\/\/www.tecma-tecnologia.com.br\/web\/#website","url":"https:\/\/www.tecma-tecnologia.com.br\/web\/","name":"TECMA Tecnologia","description":"","potentialAction":[{"@type":"SearchAction","target":{"@type":"EntryPoint","urlTemplate":"https:\/\/www.tecma-tecnologia.com.br\/web\/?s={search_term_string}"},"query-input":"required name=search_term_string"}],"inLanguage":"pt-BR"}]}},"_links":{"self":[{"href":"https:\/\/www.tecma-tecnologia.com.br\/web\/wp-json\/wp\/v2\/pages\/331","targetHints":{"allow":["GET"]}}],"collection":[{"href":"https:\/\/www.tecma-tecnologia.com.br\/web\/wp-json\/wp\/v2\/pages"}],"about":[{"href":"https:\/\/www.tecma-tecnologia.com.br\/web\/wp-json\/wp\/v2\/types\/page"}],"author":[{"embeddable":true,"href":"https:\/\/www.tecma-tecnologia.com.br\/web\/wp-json\/wp\/v2\/users\/1"}],"replies":[{"embeddable":true,"href":"https:\/\/www.tecma-tecnologia.com.br\/web\/wp-json\/wp\/v2\/comments?post=331"}],"version-history":[{"count":2,"href":"https:\/\/www.tecma-tecnologia.com.br\/web\/wp-json\/wp\/v2\/pages\/331\/revisions"}],"predecessor-version":[{"id":3337,"href":"https:\/\/www.tecma-tecnologia.com.br\/web\/wp-json\/wp\/v2\/pages\/331\/revisions\/3337"}],"up":[{"embeddable":true,"href":"https:\/\/www.tecma-tecnologia.com.br\/web\/wp-json\/wp\/v2\/pages\/377"}],"wp:featuredmedia":[{"embeddable":true,"href":"https:\/\/www.tecma-tecnologia.com.br\/web\/wp-json\/wp\/v2\/media\/1370"}],"wp:attachment":[{"href":"https:\/\/www.tecma-tecnologia.com.br\/web\/wp-json\/wp\/v2\/media?parent=331"}],"curies":[{"name":"wp","href":"https:\/\/api.w.org\/{rel}","templated":true}]}}