{"id":311,"date":"2018-07-20T15:14:05","date_gmt":"2018-07-20T18:14:05","guid":{"rendered":"http:\/\/www.tecma-tecnologia.com.br\/web\/?page_id=311"},"modified":"2025-03-21T16:33:58","modified_gmt":"2025-03-21T19:33:58","slug":"diagnosticos-ambientais","status":"publish","type":"page","link":"https:\/\/www.tecma-tecnologia.com.br\/web\/solucoes-ambientais\/diagnosticos-ambientais\/","title":{"rendered":"Diagn\u00f3sticos Ambientais"},"content":{"rendered":"<p><div class=\"fusion-fullwidth fullwidth-box nonhundred-percent-fullwidth non-hundred-percent-height-scrolling\"  style='background-color: rgba(255,255,255,0);background-position: center center;background-repeat: no-repeat;padding-top:0px;padding-right:0px;padding-bottom:0px;padding-left:0px;'><div class=\"fusion-builder-row fusion-row \"><div  class=\"fusion-layout-column fusion_builder_column fusion_builder_column_1_1  fusion-one-full fusion-column-first fusion-column-last 1_1\"  style='margin-top:0px;margin-bottom:20px;'>\n\t\t\t\t\t<div class=\"fusion-column-wrapper\" style=\"padding: 0px 0px 0px 0px;background-position:left top;background-repeat:no-repeat;-webkit-background-size:cover;-moz-background-size:cover;-o-background-size:cover;background-size:cover;\"  data-bg-url=\"\">\n\t\t\t\t\t\t<div class=\"imageframe-align-center\"><span class=\"fusion-imageframe imageframe-none imageframe-1 hover-type-none\"><img fetchpriority=\"high\" fetchpriority=\"high\" decoding=\"async\" src=\"https:\/\/www.tecma-tecnologia.com.br\/web\/wp-content\/uploads\/2018\/12\/sistemas-de-tratamento.png\" width=\"1500\" height=\"500\" alt=\"\" title=\"Sistemas de Tratamento\" class=\"img-responsive wp-image-1410\" srcset=\"https:\/\/www.tecma-tecnologia.com.br\/web\/wp-content\/uploads\/2018\/12\/sistemas-de-tratamento-200x67.png 200w, https:\/\/www.tecma-tecnologia.com.br\/web\/wp-content\/uploads\/2018\/12\/sistemas-de-tratamento-400x133.png 400w, https:\/\/www.tecma-tecnologia.com.br\/web\/wp-content\/uploads\/2018\/12\/sistemas-de-tratamento-600x200.png 600w, https:\/\/www.tecma-tecnologia.com.br\/web\/wp-content\/uploads\/2018\/12\/sistemas-de-tratamento-800x267.png 800w, https:\/\/www.tecma-tecnologia.com.br\/web\/wp-content\/uploads\/2018\/12\/sistemas-de-tratamento-1200x400.png 1200w, https:\/\/www.tecma-tecnologia.com.br\/web\/wp-content\/uploads\/2018\/12\/sistemas-de-tratamento.png 1500w\" sizes=\"(max-width: 800px) 100vw, 1200px\" \/><\/span><\/div><div class=\"fusion-clearfix\"><\/div>\n\n\t\t\t\t\t<\/div>\n\t\t\t\t<\/div><\/div><\/div><div class=\"fusion-fullwidth fullwidth-box nonhundred-percent-fullwidth non-hundred-percent-height-scrolling\"  style='background-color: rgba(255,255,255,0);background-position: center center;background-repeat: no-repeat;padding-top:0px;padding-right:0px;padding-bottom:0px;padding-left:0px;'><div class=\"fusion-builder-row fusion-row \"><div  class=\"fusion-layout-column fusion_builder_column fusion_builder_column_3_4  fusion-three-fourth fusion-column-first 3_4\"  style='margin-top:0px;margin-bottom:20px;width:75%;width:calc(75% - ( ( 4% ) * 0.75 ) );margin-right: 4%;'>\n\t\t\t\t\t<div class=\"fusion-column-wrapper\" style=\"padding: 20px 0px 0px 0px;background-position:left top;background-repeat:no-repeat;-webkit-background-size:cover;-moz-background-size:cover;-o-background-size:cover;background-size:cover;\"  data-bg-url=\"\">\n\t\t\t\t\t\t<div class=\"fusion-text\"><h3>DIAGN\u00d3STICOS AMBIENTAIS<\/h3>\n<\/div><div class=\"fusion-text\"><h4>Os Diagn\u00f3sticos Ambientais correspondem a estudos de caracteriza\u00e7\u00e3o para a avalia\u00e7\u00e3o a qualidade ambiental nos meios f\u00edsicos, bi\u00f3ticos e socioecon\u00f4micos. O principal objetivo dos diagn\u00f3sticos ambientais \u00e9 definir planos de a\u00e7\u00e3o para prevenir, controlar e corrigir os problemas ambientais de uma determinada \u00e1rea.<\/h4>\n<p>Com foco no controle da polui\u00e7\u00e3o ambiental, a TECMA oferece servi\u00e7os t\u00e9cnicos ambientais para identificar amea\u00e7as e oportunidades presentes e futuras que podem influenciar a capacidade da empresa de atingir seus objetivos socioecon\u00f4micos e ambientais.<\/p>\n<p>A TECMA possui experi\u00eancia profissional desde 1986 e vem realizando diagn\u00f3sticos e estudos voltados para \u00e1rea do controle da polui\u00e7\u00e3o ambiental com laborat\u00f3rios certificados pela CGCRE dedicados as quest\u00f5es ambientais e munida de profissionais de diversas \u00e1reas, comprometidos na investiga\u00e7\u00e3o e na interpreta\u00e7\u00e3o da situa\u00e7\u00e3o problem\u00e1tica das seguintes \u00e1reas:<\/p>\n<ul>\n<li>\u00c1guas superficiais,<\/li>\n<li>\u00c1guas subterr\u00e2neas e solos,<\/li>\n<li>Esta\u00e7\u00f5es de tratamento de \u00e1gua,<\/li>\n<li>Esgotos sanit\u00e1rios,<\/li>\n<li>Efluentes industriais,<\/li>\n<li>Caracteriza\u00e7\u00e3o de res\u00edduos s\u00f3lidos e industriais.<\/li>\n<\/ul>\n<\/div><div class=\"fusion-clearfix\"><\/div>\n\n\t\t\t\t\t<\/div>\n\t\t\t\t<\/div><div  class=\"fusion-layout-column fusion_builder_column fusion_builder_column_1_4  fusion-one-fourth fusion-column-last 1_4\"  style='margin-top:20px;margin-bottom:20px;width:25%;width:calc(25% - ( ( 4% ) * 0.25 ) );'>\n\t\t\t\t\t<div class=\"fusion-column-wrapper\" style=\"padding: 0px 0px 0px 0px;background-position:left top;background-repeat:no-repeat;-webkit-background-size:cover;-moz-background-size:cover;-o-background-size:cover;background-size:cover;\"  data-bg-url=\"\">\n\t\t\t\t\t\t<span class=\"fusion-imageframe imageframe-none imageframe-2 hover-type-none\"><img decoding=\"async\" src=\"https:\/\/www.tecma-tecnologia.com.br\/web\/wp-content\/uploads\/2018\/07\/monitoramentos-div1.jpg\" width=\"202\" height=\"51\" alt=\"\" title=\"monitoramentos-div1\" class=\"img-responsive wp-image-228\" srcset=\"https:\/\/www.tecma-tecnologia.com.br\/web\/wp-content\/uploads\/2018\/07\/monitoramentos-div1-200x50.jpg 200w, https:\/\/www.tecma-tecnologia.com.br\/web\/wp-content\/uploads\/2018\/07\/monitoramentos-div1.jpg 202w\" sizes=\"(max-width: 800px) 100vw, 202px\" \/><\/span><div class=\"fusion-title title fusion-sep-none fusion-title-center fusion-title-size-three\" style=\"margin-top:0px;margin-bottom:31px;\"><h3 class=\"title-heading-center\"><a href=\"https:\/\/www.tecma-tecnologia.com.br\/web\/pt\/solucoes\/monitoramentos-ambientais\/\"><span style=\"font-size: 18px;\">MONITORAMENTOS AMBIENTAIS<\/span><\/a><\/h3><\/div><span class=\"fusion-imageframe imageframe-none imageframe-3 hover-type-none\" id=\"quote-bottom\"><img decoding=\"async\" src=\"https:\/\/www.tecma-tecnologia.com.br\/web\/wp-content\/uploads\/2018\/07\/monitoramentos-div2.jpg\" width=\"\" height=\"\" alt=\"\" title=\"\" class=\"img-responsive\"\/><\/span><div class=\"fusion-clearfix\"><\/div>\n\n\t\t\t\t\t<\/div>\n\t\t\t\t<\/div><\/div><\/div><div class=\"fusion-fullwidth fullwidth-box nonhundred-percent-fullwidth non-hundred-percent-height-scrolling\"  style='background-color: rgba(255,255,255,0);background-position: center center;background-repeat: no-repeat;padding-top:0px;padding-right:0px;padding-bottom:0px;padding-left:0px;'><div class=\"fusion-builder-row fusion-row \"><div  class=\"fusion-layout-column fusion_builder_column fusion_builder_column_1_1  fusion-one-full fusion-column-first fusion-column-last 1_1\"  style='margin-top:0px;margin-bottom:20px;'>\n\t\t\t\t\t<div class=\"fusion-column-wrapper\" style=\"padding: 0px 0px 0px 0px;background-position:left top;background-repeat:no-repeat;-webkit-background-size:cover;-moz-background-size:cover;-o-background-size:cover;background-size:cover;\"  data-bg-url=\"\">\n\t\t\t\t\t\t<div class=\"imageframe-align-center\"><span class=\"fusion-imageframe imageframe-none imageframe-4 hover-type-none\"><img decoding=\"async\" src=\"https:\/\/www.tecma-tecnologia.com.br\/web\/wp-content\/uploads\/2018\/12\/diagnosticos-ambientais.png\" width=\"1500\" height=\"500\" alt=\"\" title=\"Diagno\u0301sticos Ambientais\" class=\"img-responsive wp-image-1409\" srcset=\"https:\/\/www.tecma-tecnologia.com.br\/web\/wp-content\/uploads\/2018\/12\/diagnosticos-ambientais-200x67.png 200w, https:\/\/www.tecma-tecnologia.com.br\/web\/wp-content\/uploads\/2018\/12\/diagnosticos-ambientais-400x133.png 400w, https:\/\/www.tecma-tecnologia.com.br\/web\/wp-content\/uploads\/2018\/12\/diagnosticos-ambientais-600x200.png 600w, https:\/\/www.tecma-tecnologia.com.br\/web\/wp-content\/uploads\/2018\/12\/diagnosticos-ambientais-800x267.png 800w, https:\/\/www.tecma-tecnologia.com.br\/web\/wp-content\/uploads\/2018\/12\/diagnosticos-ambientais-1200x400.png 1200w, https:\/\/www.tecma-tecnologia.com.br\/web\/wp-content\/uploads\/2018\/12\/diagnosticos-ambientais.png 1500w\" sizes=\"(max-width: 800px) 100vw, 1200px\" \/><\/span><\/div><div class=\"fusion-clearfix\"><\/div>\n\n\t\t\t\t\t<\/div>\n\t\t\t\t<\/div><\/div><\/div><div class=\"fusion-fullwidth fullwidth-box nonhundred-percent-fullwidth non-hundred-percent-height-scrolling\"  style='background-color: rgba(255,255,255,0);background-position: center center;background-repeat: no-repeat;padding-top:0px;padding-right:0px;padding-bottom:0px;padding-left:0px;'><div class=\"fusion-builder-row fusion-row \"><div  class=\"fusion-layout-column fusion_builder_column fusion_builder_column_3_4  fusion-three-fourth fusion-column-first 3_4\"  style='margin-top:0px;margin-bottom:20px;width:75%;width:calc(75% - ( ( 4% ) * 0.75 ) );margin-right: 4%;'>\n\t\t\t\t\t<div class=\"fusion-column-wrapper\" style=\"padding: 20px 0px 0px 0px;background-position:left top;background-repeat:no-repeat;-webkit-background-size:cover;-moz-background-size:cover;-o-background-size:cover;background-size:cover;\"  data-bg-url=\"\">\n\t\t\t\t\t\t<div class=\"fusion-title title fusion-sep-none fusion-title-size-one\" style=\"margin-top:0px;margin-bottom:31px;\"><h1 class=\"title-heading-left\"><h3>ESTUDOS DE TRATABILIDADE<\/h3><\/h1><\/div><div class=\"fusion-text\"><p>O estudo de tratabilidade \u00e9 uma etapa fundamental no tratamento de efluentes industriais, pois permite a obten\u00e7\u00e3o de dados para o conhecimento de uma amostra teste, possibilita a rota tecnol\u00f3gica correta e gera informa\u00e7\u00f5es precisas para o projeto ou opera\u00e7\u00e3o de uma esta\u00e7\u00e3o de tratamento de efluentes industriais j\u00e1 existente.<\/p>\n<p>Os efluentes l\u00edquidos possuem caracter\u00edsticas muito espec\u00edficas, de modo que os sistemas de tratamentos necessitam ser customizados. Estas diferen\u00e7as podem ser entendidas com base nas caracter\u00edsticas f\u00edsicoqu\u00edmicas das \u00e1guas industrias, perdas das diversas mat\u00e9rias primas e seus contaminantes, alta dosagem de produtos saneantes, perdas de produtos industrializados e mistura com o esgoto sanit\u00e1rio.<\/p>\n<p>Antes de fazer seu projeto, fa\u00e7a um contato conosco que poderemos ajudar desde o in\u00edcio de seu projeto at\u00e9 corrigir alguns equ\u00edvocos operacionais de esta\u00e7\u00f5es j\u00e1 existentes.<\/p>\n<\/div><div class=\"fusion-clearfix\"><\/div>\n\n\t\t\t\t\t<\/div>\n\t\t\t\t<\/div><div  class=\"fusion-layout-column fusion_builder_column fusion_builder_column_1_4  fusion-one-fourth fusion-column-last 1_4\"  style='margin-top:20px;margin-bottom:20px;width:25%;width:calc(25% - ( ( 4% ) * 0.25 ) );'>\n\t\t\t\t\t<div class=\"fusion-column-wrapper\" style=\"padding: 0px 0px 0px 0px;background-position:left top;background-repeat:no-repeat;-webkit-background-size:cover;-moz-background-size:cover;-o-background-size:cover;background-size:cover;\"  data-bg-url=\"\">\n\t\t\t\t\t\t<div class=\"fusion-widget-area fusion-widget-area-1 fusion-content-widget-area\"><style type=\"text\/css\" scoped=\"scoped\">.fusion-widget-area-1 {padding:0px 0px 0px 0px;}.fusion-widget-area-1 .widget h4 {color:#ffffff;}.fusion-widget-area-1 .widget .heading h4 {color:#ffffff;}<\/style><div id=\"custom_html-3\" class=\"widget_text widget widget_custom_html\" style=\"padding: 5px 20px 20px 20px;background-color: #1eb4c2;\"><div class=\"heading\"><h4 class=\"widget-title\">Entre em contato conosco<\/h4><\/div><div class=\"textwidget custom-html-widget\"><a href=\"https:\/\/www.tecma-tecnologia.com.br\/web\/pt\/contato\/\"><i class=\"fab fa-whatsapp\" style=\"color:#ffffff;font-size:24px;\"><\/i><\/a><\/div><\/div><div class=\"fusion-additional-widget-content\"><\/div><\/div><div class=\"fusion-clearfix\"><\/div>\n\n\t\t\t\t\t<\/div>\n\t\t\t\t<\/div><\/div><\/div><\/p>\n","protected":false},"excerpt":{"rendered":"","protected":false},"author":1,"featured_media":0,"parent":433,"menu_order":0,"comment_status":"closed","ping_status":"closed","template":"","meta":{"_mi_skip_tracking":false,"spay_email":"","footnotes":""},"class_list":["post-311","page","type-page","status-publish","hentry"],"yoast_head":"<!-- This site is optimized with the Yoast SEO plugin v20.2.1 - https:\/\/yoast.com\/wordpress\/plugins\/seo\/ -->\n<title>Diagn\u00f3sticos Ambientais - TECMA Tecnologia<\/title>\n<meta name=\"description\" content=\"a TECMA realiza diagn\u00f3sticos ambientais e estudos com foco no controle da polui\u00e7\u00e3o ambiental. Conhe\u00e7a nossas \u00e1reas de atua\u00e7\u00e3o e nossos laborat\u00f3rios.\" \/>\n<meta name=\"robots\" content=\"index, follow, max-snippet:-1, max-image-preview:large, max-video-preview:-1\" \/>\n<link rel=\"canonical\" href=\"https:\/\/www.tecma-tecnologia.com.br\/web\/solucoes-ambientais\/diagnosticos-ambientais\/\" \/>\n<meta property=\"og:locale\" content=\"pt_BR\" \/>\n<meta property=\"og:type\" content=\"article\" \/>\n<meta property=\"og:title\" content=\"Diagn\u00f3sticos Ambientais - TECMA Tecnologia\" \/>\n<meta property=\"og:description\" content=\"a TECMA realiza diagn\u00f3sticos ambientais e estudos com foco no controle da polui\u00e7\u00e3o ambiental. Conhe\u00e7a nossas \u00e1reas de atua\u00e7\u00e3o e nossos laborat\u00f3rios.\" \/>\n<meta property=\"og:url\" content=\"https:\/\/www.tecma-tecnologia.com.br\/web\/solucoes-ambientais\/diagnosticos-ambientais\/\" \/>\n<meta property=\"og:site_name\" content=\"TECMA Tecnologia\" \/>\n<meta property=\"article:modified_time\" content=\"2025-03-21T19:33:58+00:00\" \/>\n<meta name=\"twitter:card\" content=\"summary_large_image\" \/>\n<meta name=\"twitter:label1\" content=\"Est. tempo de leitura\" \/>\n\t<meta name=\"twitter:data1\" content=\"5 minutos\" \/>\n<script type=\"application\/ld+json\" class=\"yoast-schema-graph\">{\"@context\":\"https:\/\/schema.org\",\"@graph\":[{\"@type\":\"WebPage\",\"@id\":\"https:\/\/www.tecma-tecnologia.com.br\/web\/solucoes-ambientais\/diagnosticos-ambientais\/\",\"url\":\"https:\/\/www.tecma-tecnologia.com.br\/web\/solucoes-ambientais\/diagnosticos-ambientais\/\",\"name\":\"Diagn\u00f3sticos Ambientais - TECMA Tecnologia\",\"isPartOf\":{\"@id\":\"https:\/\/www.tecma-tecnologia.com.br\/web\/#website\"},\"datePublished\":\"2018-07-20T18:14:05+00:00\",\"dateModified\":\"2025-03-21T19:33:58+00:00\",\"description\":\"a TECMA realiza diagn\u00f3sticos ambientais e estudos com foco no controle da polui\u00e7\u00e3o ambiental. Conhe\u00e7a nossas \u00e1reas de atua\u00e7\u00e3o e nossos laborat\u00f3rios.\",\"breadcrumb\":{\"@id\":\"https:\/\/www.tecma-tecnologia.com.br\/web\/solucoes-ambientais\/diagnosticos-ambientais\/#breadcrumb\"},\"inLanguage\":\"pt-BR\",\"potentialAction\":[{\"@type\":\"ReadAction\",\"target\":[\"https:\/\/www.tecma-tecnologia.com.br\/web\/solucoes-ambientais\/diagnosticos-ambientais\/\"]}]},{\"@type\":\"BreadcrumbList\",\"@id\":\"https:\/\/www.tecma-tecnologia.com.br\/web\/solucoes-ambientais\/diagnosticos-ambientais\/#breadcrumb\",\"itemListElement\":[{\"@type\":\"ListItem\",\"position\":1,\"name\":\"Home\",\"item\":\"https:\/\/www.tecma-tecnologia.com.br\/web\/\"},{\"@type\":\"ListItem\",\"position\":2,\"name\":\"Solu\u00e7\u00f5es Ambientais\",\"item\":\"https:\/\/www.tecma-tecnologia.com.br\/web\/solucoes-ambientais\/\"},{\"@type\":\"ListItem\",\"position\":3,\"name\":\"Diagn\u00f3sticos Ambientais\"}]},{\"@type\":\"WebSite\",\"@id\":\"https:\/\/www.tecma-tecnologia.com.br\/web\/#website\",\"url\":\"https:\/\/www.tecma-tecnologia.com.br\/web\/\",\"name\":\"TECMA Tecnologia\",\"description\":\"\",\"potentialAction\":[{\"@type\":\"SearchAction\",\"target\":{\"@type\":\"EntryPoint\",\"urlTemplate\":\"https:\/\/www.tecma-tecnologia.com.br\/web\/?s={search_term_string}\"},\"query-input\":\"required name=search_term_string\"}],\"inLanguage\":\"pt-BR\"}]}<\/script>\n<!-- \/ Yoast SEO plugin. -->","yoast_head_json":{"title":"Diagn\u00f3sticos Ambientais - TECMA Tecnologia","description":"a TECMA realiza diagn\u00f3sticos ambientais e estudos com foco no controle da polui\u00e7\u00e3o ambiental. Conhe\u00e7a nossas \u00e1reas de atua\u00e7\u00e3o e nossos laborat\u00f3rios.","robots":{"index":"index","follow":"follow","max-snippet":"max-snippet:-1","max-image-preview":"max-image-preview:large","max-video-preview":"max-video-preview:-1"},"canonical":"https:\/\/www.tecma-tecnologia.com.br\/web\/solucoes-ambientais\/diagnosticos-ambientais\/","og_locale":"pt_BR","og_type":"article","og_title":"Diagn\u00f3sticos Ambientais - TECMA Tecnologia","og_description":"a TECMA realiza diagn\u00f3sticos ambientais e estudos com foco no controle da polui\u00e7\u00e3o ambiental. Conhe\u00e7a nossas \u00e1reas de atua\u00e7\u00e3o e nossos laborat\u00f3rios.","og_url":"https:\/\/www.tecma-tecnologia.com.br\/web\/solucoes-ambientais\/diagnosticos-ambientais\/","og_site_name":"TECMA Tecnologia","article_modified_time":"2025-03-21T19:33:58+00:00","twitter_card":"summary_large_image","twitter_misc":{"Est. tempo de leitura":"5 minutos"},"schema":{"@context":"https:\/\/schema.org","@graph":[{"@type":"WebPage","@id":"https:\/\/www.tecma-tecnologia.com.br\/web\/solucoes-ambientais\/diagnosticos-ambientais\/","url":"https:\/\/www.tecma-tecnologia.com.br\/web\/solucoes-ambientais\/diagnosticos-ambientais\/","name":"Diagn\u00f3sticos Ambientais - TECMA Tecnologia","isPartOf":{"@id":"https:\/\/www.tecma-tecnologia.com.br\/web\/#website"},"datePublished":"2018-07-20T18:14:05+00:00","dateModified":"2025-03-21T19:33:58+00:00","description":"a TECMA realiza diagn\u00f3sticos ambientais e estudos com foco no controle da polui\u00e7\u00e3o ambiental. Conhe\u00e7a nossas \u00e1reas de atua\u00e7\u00e3o e nossos laborat\u00f3rios.","breadcrumb":{"@id":"https:\/\/www.tecma-tecnologia.com.br\/web\/solucoes-ambientais\/diagnosticos-ambientais\/#breadcrumb"},"inLanguage":"pt-BR","potentialAction":[{"@type":"ReadAction","target":["https:\/\/www.tecma-tecnologia.com.br\/web\/solucoes-ambientais\/diagnosticos-ambientais\/"]}]},{"@type":"BreadcrumbList","@id":"https:\/\/www.tecma-tecnologia.com.br\/web\/solucoes-ambientais\/diagnosticos-ambientais\/#breadcrumb","itemListElement":[{"@type":"ListItem","position":1,"name":"Home","item":"https:\/\/www.tecma-tecnologia.com.br\/web\/"},{"@type":"ListItem","position":2,"name":"Solu\u00e7\u00f5es Ambientais","item":"https:\/\/www.tecma-tecnologia.com.br\/web\/solucoes-ambientais\/"},{"@type":"ListItem","position":3,"name":"Diagn\u00f3sticos Ambientais"}]},{"@type":"WebSite","@id":"https:\/\/www.tecma-tecnologia.com.br\/web\/#website","url":"https:\/\/www.tecma-tecnologia.com.br\/web\/","name":"TECMA Tecnologia","description":"","potentialAction":[{"@type":"SearchAction","target":{"@type":"EntryPoint","urlTemplate":"https:\/\/www.tecma-tecnologia.com.br\/web\/?s={search_term_string}"},"query-input":"required name=search_term_string"}],"inLanguage":"pt-BR"}]}},"_links":{"self":[{"href":"https:\/\/www.tecma-tecnologia.com.br\/web\/wp-json\/wp\/v2\/pages\/311","targetHints":{"allow":["GET"]}}],"collection":[{"href":"https:\/\/www.tecma-tecnologia.com.br\/web\/wp-json\/wp\/v2\/pages"}],"about":[{"href":"https:\/\/www.tecma-tecnologia.com.br\/web\/wp-json\/wp\/v2\/types\/page"}],"author":[{"embeddable":true,"href":"https:\/\/www.tecma-tecnologia.com.br\/web\/wp-json\/wp\/v2\/users\/1"}],"replies":[{"embeddable":true,"href":"https:\/\/www.tecma-tecnologia.com.br\/web\/wp-json\/wp\/v2\/comments?post=311"}],"version-history":[{"count":3,"href":"https:\/\/www.tecma-tecnologia.com.br\/web\/wp-json\/wp\/v2\/pages\/311\/revisions"}],"predecessor-version":[{"id":4924,"href":"https:\/\/www.tecma-tecnologia.com.br\/web\/wp-json\/wp\/v2\/pages\/311\/revisions\/4924"}],"up":[{"embeddable":true,"href":"https:\/\/www.tecma-tecnologia.com.br\/web\/wp-json\/wp\/v2\/pages\/433"}],"wp:attachment":[{"href":"https:\/\/www.tecma-tecnologia.com.br\/web\/wp-json\/wp\/v2\/media?parent=311"}],"curies":[{"name":"wp","href":"https:\/\/api.w.org\/{rel}","templated":true}]}}