{"id":272,"date":"2018-07-20T11:20:57","date_gmt":"2018-07-20T14:20:57","guid":{"rendered":"http:\/\/www.tecma-tecnologia.com.br\/web\/?page_id=272"},"modified":"2020-01-03T15:52:53","modified_gmt":"2020-01-03T18:52:53","slug":"estacao-de-tratamento-de-esgoto","status":"publish","type":"page","link":"https:\/\/www.tecma-tecnologia.com.br\/web\/solucoes-ambientais\/estacao-de-tratamento-de-esgoto\/","title":{"rendered":"Esta\u00e7\u00e3o de Tratamento de Esgoto"},"content":{"rendered":"<p><div class=\"fusion-fullwidth fullwidth-box nonhundred-percent-fullwidth non-hundred-percent-height-scrolling\"  style='background-color: rgba(255,255,255,0);background-position: center center;background-repeat: no-repeat;padding-top:0px;padding-right:0px;padding-bottom:0px;padding-left:0px;'><div class=\"fusion-builder-row fusion-row \"><div  class=\"fusion-layout-column fusion_builder_column fusion_builder_column_1_1  fusion-one-full fusion-column-first fusion-column-last 1_1\"  style='margin-top:0px;margin-bottom:0px;'>\n\t\t\t\t\t<div class=\"fusion-column-wrapper\" style=\"padding: 15px 0px 0px 0px;background-position:left top;background-repeat:no-repeat;-webkit-background-size:cover;-moz-background-size:cover;-o-background-size:cover;background-size:cover;\"  data-bg-url=\"\">\n\t\t\t\t\t\t<div class=\"fusion-title title fusion-sep-none fusion-title-size-four\" style=\"margin-top:0px;margin-bottom:31px;\"><h4 class=\"title-heading-left\"><h3 style=\"text-align: left;\"><strong>ESTA\u00c7\u00c3O DE TRATAMENTO DE ESGOTO\u00a0<\/strong><\/h3><\/h4><\/div><div class=\"fusion-clearfix\"><\/div>\n\n\t\t\t\t\t<\/div>\n\t\t\t\t<\/div><div  class=\"fusion-layout-column fusion_builder_column fusion_builder_column_1_1  fusion-one-full fusion-column-first fusion-column-last 1_1\"  style='margin-top:0px;margin-bottom:20px;'>\n\t\t\t\t\t<div class=\"fusion-column-wrapper\" style=\"padding: 0px 0px 0px 0px;background-position:left top;background-repeat:no-repeat;-webkit-background-size:cover;-moz-background-size:cover;-o-background-size:cover;background-size:cover;\"  data-bg-url=\"\">\n\t\t\t\t\t\t<div class=\"imageframe-align-center\"><span class=\"fusion-imageframe imageframe-none imageframe-1 hover-type-none\"><img fetchpriority=\"high\" fetchpriority=\"high\" decoding=\"async\" src=\"https:\/\/www.tecma-tecnologia.com.br\/web\/wp-content\/uploads\/2018\/07\/esgoto-sanitario.jpg\" width=\"835\" height=\"279\" alt=\"Esta\u00e7\u00e3o de Tratamento de Esgoto\" title=\"Esgoto Sanit\u00e1rio\" class=\"img-responsive wp-image-273\" srcset=\"https:\/\/www.tecma-tecnologia.com.br\/web\/wp-content\/uploads\/2018\/07\/esgoto-sanitario-200x67.jpg 200w, https:\/\/www.tecma-tecnologia.com.br\/web\/wp-content\/uploads\/2018\/07\/esgoto-sanitario-400x134.jpg 400w, https:\/\/www.tecma-tecnologia.com.br\/web\/wp-content\/uploads\/2018\/07\/esgoto-sanitario-600x200.jpg 600w, https:\/\/www.tecma-tecnologia.com.br\/web\/wp-content\/uploads\/2018\/07\/esgoto-sanitario-800x267.jpg 800w, https:\/\/www.tecma-tecnologia.com.br\/web\/wp-content\/uploads\/2018\/07\/esgoto-sanitario.jpg 835w\" sizes=\"(max-width: 800px) 100vw, 835px\" \/><\/span><\/div><div class=\"fusion-clearfix\"><\/div>\n\n\t\t\t\t\t<\/div>\n\t\t\t\t<\/div><\/div><\/div><div class=\"fusion-fullwidth fullwidth-box nonhundred-percent-fullwidth non-hundred-percent-height-scrolling\"  style='background-color: rgba(255,255,255,0);background-position: center center;background-repeat: no-repeat;padding-top:0px;padding-right:0px;padding-bottom:0px;padding-left:0px;'><div class=\"fusion-builder-row fusion-row \"><div  class=\"fusion-layout-column fusion_builder_column fusion_builder_column_3_4  fusion-three-fourth fusion-column-first 3_4\"  style='margin-top:0px;margin-bottom:20px;width:75%;width:calc(75% - ( ( 4% ) * 0.75 ) );margin-right: 4%;'>\n\t\t\t\t\t<div class=\"fusion-column-wrapper\" style=\"padding: 0px 0px 0px 0px;background-position:left top;background-repeat:no-repeat;-webkit-background-size:cover;-moz-background-size:cover;-o-background-size:cover;background-size:cover;\"  data-bg-url=\"\">\n\t\t\t\t\t\t<div class=\"fusion-text\"><h3>Esta\u00e7\u00e3o de Tratamento de Esgoto Sanit\u00e1rio<\/h3>\n<p>Os processos biol\u00f3gicos s\u00e3o os mais utilizados em projetos de tratamento de esgoto. A mat\u00e9ria org\u00e2nica dissolvida ou em suspens\u00e3o serve como substrato para microorganismos tais como bact\u00e9rias, fungos e protozo\u00e1rios, que a transformam em gases, \u00e1gua e novos microorganismos. Esses microorganismos produzem exopol\u00edmeros e formam flocos biol\u00f3gicos mais densos que a massa l\u00edquida, da qual separam-se com facilidade, ocorrendo assim a separa\u00e7\u00e3o de fases s\u00f3lido\/l\u00edquido.<\/p>\n<p>A mat\u00e9ria org\u00e2nica presente no esgoto sanit\u00e1rio pode ser medida diretamente pela an\u00e1lise de s\u00f3lidos vol\u00e1teis e indiretamente pelas an\u00e1lises de DBO( Demanda Bioqu\u00edmica de Oxig\u00eanio). O Teste de DBO se aplica aos fen\u00f4menos de autodepura\u00e7\u00e3o de corpos receptores e ao controle de sistemas biol\u00f3gicos de tratamento.<\/p>\n<p>\u21d2 Acesse nosso <strong><a href=\"https:\/\/www.tecma-tecnologia.com.br\/web\/posts\/industria-de-bebidas\/\">BLOG<\/a><\/strong> para saber mais sobre as caracter\u00edsticas dos efluentes por tipologia industrial.<\/p>\n<p>A TECMA possui diversas solu\u00e7\u00f5es customizadas para cada etapa de tratamento. Dependendo do fluxo de processo adotado, em fun\u00e7\u00e3o do objetivo do cliente, a TECMA oferece as seguintes op\u00e7\u00f5es para o esgotos sanit\u00e1rio.<\/p>\n<h4>Processos Aer\u00f3bios para remo\u00e7\u00e3o de mat\u00e9ria Org\u00e2nica Customizados<\/h4>\n<ul>\n<li>Lodos Ativados e suas variantes<\/li>\n<li>Lagoas Aeradas agitadas<\/li>\n<li>Processos Facultativos &#8211; Biocontactores, Filtros Biol\u00f3gicos)<\/li>\n<li>Reatores Jet Loop<\/li>\n<li><a href=\"https:\/\/www.tecma-tecnologia.com.br\/web\/solucoes-ambientais\/reuso-de-agua\/\">MBR &#8211; Membrane Biological Reactor ( Biorreatores com membranas)<\/a><\/li>\n<\/ul>\n<h4>Processos Anaer\u00f3bios para remo\u00e7\u00e3o de Mat\u00e9ria Org\u00e2nica<\/h4>\n<ul>\n<li>Lagoas Anaer\u00f3bias;<\/li>\n<li>Filtros Anaer\u00f3bios;<\/li>\n<li>Reatores anaer\u00f3bios de fluxo ascendente com manda de lodo (UASB)<\/li>\n<li>Remo\u00e7\u00e3o Biol\u00f3gica de Nitrog\u00eanio e F\u00f3sforo<\/li>\n<li>Leitos fixos submersos<\/li>\n<li>Leitos fluidizados<\/li>\n<\/ul>\n<p>Al\u00e9m do fornecimento de esta\u00e7\u00f5es de tratamento de esgoto a TECMA tamb\u00e9m realiza a opera\u00e7\u00e3o e manuten\u00e7\u00e3o de toda a planta de tratamento.<\/p>\n<h4>\u21d2 Conhe\u00e7a o servi\u00e7o de <a href=\"https:\/\/www.tecma-tecnologia.com.br\/web\/tratamento-de-efluentes\/\"><strong>Opera\u00e7\u00e3o e Manuten\u00e7\u00e3o<\/strong><\/a> assim como os <strong><a href=\"https:\/\/www.tecma-tecnologia.com.br\/web\/solucoes-ambientais\/monitoramentos-ambientais\/\">Programas de Monitoramentos<\/a><\/strong> para esta\u00e7\u00f5es de tratamento de esgoto.<\/h4>\n<p><strong><em>N\u00e3o esque\u00e7a de acessar nossos <a href=\"https:\/\/www.tecma-tecnologia.com.br\/web\/projetos\/\">Projetos<\/a> e a<a href=\"https:\/\/www.tecma-tecnologia.com.br\/web\/pt\/solucoes\/linha-de-produtos-tecma\/\"> linha de produtos TECMA\u00ae.<\/a><\/em><\/strong><\/p>\n<\/div><div class=\"fusion-clearfix\"><\/div>\n\n\t\t\t\t\t<\/div>\n\t\t\t\t<\/div><div  class=\"fusion-layout-column fusion_builder_column fusion_builder_column_1_4  fusion-one-fourth fusion-column-last 1_4\"  style='margin-top:20px;margin-bottom:20px;width:25%;width:calc(25% - ( ( 4% ) * 0.25 ) );'>\n\t\t\t\t\t<div class=\"fusion-column-wrapper\" style=\"padding: 0px 0px 0px 0px;background-position:left top;background-repeat:no-repeat;-webkit-background-size:cover;-moz-background-size:cover;-o-background-size:cover;background-size:cover;\"  data-bg-url=\"\">\n\t\t\t\t\t\t<div class=\"fusion-widget-area fusion-widget-area-1 fusion-content-widget-area\"><style type=\"text\/css\" scoped=\"scoped\">.fusion-widget-area-1 {padding:0px 0px 0px 0px;}.fusion-widget-area-1 .widget h4 {color:#1eb4c2;}.fusion-widget-area-1 .widget .heading h4 {color:#1eb4c2;}<\/style><div id=\"nav_menu-6\" class=\"widget widget_nav_menu\"><div class=\"menu-solucoes-container\"><ul id=\"menu-solucoes\" class=\"menu\"><li id=\"menu-item-276\" class=\"menu-item menu-item-type-post_type menu-item-object-page menu-item-276\"><a href=\"https:\/\/www.tecma-tecnologia.com.br\/web\/solucoes-ambientais\/estacao-de-tratamento-de-esgoto\/\">ESGOTO SANIT\u00c1RIO<\/a><\/li>\n<li id=\"menu-item-277\" class=\"menu-item menu-item-type-custom menu-item-object-custom menu-item-277\"><a href=\"https:\/\/www.tecma-tecnologia.com.br\/web\/engenharia\/efluentes-industriais\/\">EFLUENTES INDUSTRIAIS<\/a><\/li>\n<li id=\"menu-item-278\" class=\"menu-item menu-item-type-custom menu-item-object-custom menu-item-278\"><a href=\"https:\/\/www.tecma-tecnologia.com.br\/web\/engenharia\/tratamento-de-agua\/\">TRATAMENTO DE \u00c1GUA<\/a><\/li>\n<li id=\"menu-item-279\" class=\"menu-item menu-item-type-custom menu-item-object-custom menu-item-279\"><a href=\"https:\/\/www.tecma-tecnologia.com.br\/web\/solucoes-ambientais\/reuso-de-agua\/\">RE\u00daSO DE \u00c1GUA<\/a><\/li>\n<li id=\"menu-item-280\" class=\"menu-item menu-item-type-custom menu-item-object-custom menu-item-280\"><a href=\"https:\/\/www.tecma-tecnologia.com.br\/web\/solucoes-ambientais\/linha-de-produtos-tecma\/\">LINHA DE PRODUTOS TECMA\u00ae<\/a><\/li>\n<\/ul><\/div><\/div><div class=\"fusion-additional-widget-content\"><\/div><\/div><div class=\"fusion-clearfix\"><\/div>\n\n\t\t\t\t\t<\/div>\n\t\t\t\t<\/div><\/div><\/div><\/p>\n","protected":false},"excerpt":{"rendered":"","protected":false},"author":1,"featured_media":0,"parent":433,"menu_order":0,"comment_status":"closed","ping_status":"closed","template":"","meta":{"_mi_skip_tracking":false,"spay_email":"","footnotes":""},"class_list":["post-272","page","type-page","status-publish","hentry"],"yoast_head":"<!-- This site is optimized with the Yoast SEO plugin v20.2.1 - https:\/\/yoast.com\/wordpress\/plugins\/seo\/ -->\n<title>Esta\u00e7\u00e3o de Tratamento de Esgoto - TECMA Tecnologia<\/title>\n<meta name=\"description\" content=\"A TECMA possui diversas solu\u00e7\u00f5es compactas e customizadas para uma esta\u00e7\u00e3o de tratamento de esgoto. Tratamento anaer\u00f3bios, Aer\u00f3bios, MBR e muito mais\" \/>\n<meta name=\"robots\" content=\"index, follow, max-snippet:-1, max-image-preview:large, max-video-preview:-1\" \/>\n<link rel=\"canonical\" href=\"https:\/\/www.tecma-tecnologia.com.br\/web\/solucoes-ambientais\/estacao-de-tratamento-de-esgoto\/\" \/>\n<meta property=\"og:locale\" content=\"pt_BR\" \/>\n<meta property=\"og:type\" content=\"article\" \/>\n<meta property=\"og:title\" content=\"Esta\u00e7\u00e3o de Tratamento de Esgoto - TECMA Tecnologia\" \/>\n<meta property=\"og:description\" content=\"A TECMA possui diversas solu\u00e7\u00f5es compactas e customizadas para uma esta\u00e7\u00e3o de tratamento de esgoto. Tratamento anaer\u00f3bios, Aer\u00f3bios, MBR e muito mais\" \/>\n<meta property=\"og:url\" content=\"https:\/\/www.tecma-tecnologia.com.br\/web\/solucoes-ambientais\/estacao-de-tratamento-de-esgoto\/\" \/>\n<meta property=\"og:site_name\" content=\"TECMA Tecnologia\" \/>\n<meta property=\"article:modified_time\" content=\"2020-01-03T18:52:53+00:00\" \/>\n<meta name=\"twitter:card\" content=\"summary_large_image\" \/>\n<meta name=\"twitter:label1\" content=\"Est. tempo de leitura\" \/>\n\t<meta name=\"twitter:data1\" content=\"5 minutos\" \/>\n<script type=\"application\/ld+json\" class=\"yoast-schema-graph\">{\"@context\":\"https:\/\/schema.org\",\"@graph\":[{\"@type\":\"WebPage\",\"@id\":\"https:\/\/www.tecma-tecnologia.com.br\/web\/solucoes-ambientais\/estacao-de-tratamento-de-esgoto\/\",\"url\":\"https:\/\/www.tecma-tecnologia.com.br\/web\/solucoes-ambientais\/estacao-de-tratamento-de-esgoto\/\",\"name\":\"Esta\u00e7\u00e3o de Tratamento de Esgoto - TECMA Tecnologia\",\"isPartOf\":{\"@id\":\"https:\/\/www.tecma-tecnologia.com.br\/web\/#website\"},\"datePublished\":\"2018-07-20T14:20:57+00:00\",\"dateModified\":\"2020-01-03T18:52:53+00:00\",\"description\":\"A TECMA possui diversas solu\u00e7\u00f5es compactas e customizadas para uma esta\u00e7\u00e3o de tratamento de esgoto. Tratamento anaer\u00f3bios, Aer\u00f3bios, MBR e muito mais\",\"breadcrumb\":{\"@id\":\"https:\/\/www.tecma-tecnologia.com.br\/web\/solucoes-ambientais\/estacao-de-tratamento-de-esgoto\/#breadcrumb\"},\"inLanguage\":\"pt-BR\",\"potentialAction\":[{\"@type\":\"ReadAction\",\"target\":[\"https:\/\/www.tecma-tecnologia.com.br\/web\/solucoes-ambientais\/estacao-de-tratamento-de-esgoto\/\"]}]},{\"@type\":\"BreadcrumbList\",\"@id\":\"https:\/\/www.tecma-tecnologia.com.br\/web\/solucoes-ambientais\/estacao-de-tratamento-de-esgoto\/#breadcrumb\",\"itemListElement\":[{\"@type\":\"ListItem\",\"position\":1,\"name\":\"Home\",\"item\":\"https:\/\/www.tecma-tecnologia.com.br\/web\/\"},{\"@type\":\"ListItem\",\"position\":2,\"name\":\"Solu\u00e7\u00f5es Ambientais\",\"item\":\"https:\/\/www.tecma-tecnologia.com.br\/web\/solucoes-ambientais\/\"},{\"@type\":\"ListItem\",\"position\":3,\"name\":\"Esta\u00e7\u00e3o de Tratamento de Esgoto\"}]},{\"@type\":\"WebSite\",\"@id\":\"https:\/\/www.tecma-tecnologia.com.br\/web\/#website\",\"url\":\"https:\/\/www.tecma-tecnologia.com.br\/web\/\",\"name\":\"TECMA Tecnologia\",\"description\":\"\",\"potentialAction\":[{\"@type\":\"SearchAction\",\"target\":{\"@type\":\"EntryPoint\",\"urlTemplate\":\"https:\/\/www.tecma-tecnologia.com.br\/web\/?s={search_term_string}\"},\"query-input\":\"required name=search_term_string\"}],\"inLanguage\":\"pt-BR\"}]}<\/script>\n<!-- \/ Yoast SEO plugin. -->","yoast_head_json":{"title":"Esta\u00e7\u00e3o de Tratamento de Esgoto - TECMA Tecnologia","description":"A TECMA possui diversas solu\u00e7\u00f5es compactas e customizadas para uma esta\u00e7\u00e3o de tratamento de esgoto. Tratamento anaer\u00f3bios, Aer\u00f3bios, MBR e muito mais","robots":{"index":"index","follow":"follow","max-snippet":"max-snippet:-1","max-image-preview":"max-image-preview:large","max-video-preview":"max-video-preview:-1"},"canonical":"https:\/\/www.tecma-tecnologia.com.br\/web\/solucoes-ambientais\/estacao-de-tratamento-de-esgoto\/","og_locale":"pt_BR","og_type":"article","og_title":"Esta\u00e7\u00e3o de Tratamento de Esgoto - TECMA Tecnologia","og_description":"A TECMA possui diversas solu\u00e7\u00f5es compactas e customizadas para uma esta\u00e7\u00e3o de tratamento de esgoto. Tratamento anaer\u00f3bios, Aer\u00f3bios, MBR e muito mais","og_url":"https:\/\/www.tecma-tecnologia.com.br\/web\/solucoes-ambientais\/estacao-de-tratamento-de-esgoto\/","og_site_name":"TECMA Tecnologia","article_modified_time":"2020-01-03T18:52:53+00:00","twitter_card":"summary_large_image","twitter_misc":{"Est. tempo de leitura":"5 minutos"},"schema":{"@context":"https:\/\/schema.org","@graph":[{"@type":"WebPage","@id":"https:\/\/www.tecma-tecnologia.com.br\/web\/solucoes-ambientais\/estacao-de-tratamento-de-esgoto\/","url":"https:\/\/www.tecma-tecnologia.com.br\/web\/solucoes-ambientais\/estacao-de-tratamento-de-esgoto\/","name":"Esta\u00e7\u00e3o de Tratamento de Esgoto - TECMA Tecnologia","isPartOf":{"@id":"https:\/\/www.tecma-tecnologia.com.br\/web\/#website"},"datePublished":"2018-07-20T14:20:57+00:00","dateModified":"2020-01-03T18:52:53+00:00","description":"A TECMA possui diversas solu\u00e7\u00f5es compactas e customizadas para uma esta\u00e7\u00e3o de tratamento de esgoto. Tratamento anaer\u00f3bios, Aer\u00f3bios, MBR e muito mais","breadcrumb":{"@id":"https:\/\/www.tecma-tecnologia.com.br\/web\/solucoes-ambientais\/estacao-de-tratamento-de-esgoto\/#breadcrumb"},"inLanguage":"pt-BR","potentialAction":[{"@type":"ReadAction","target":["https:\/\/www.tecma-tecnologia.com.br\/web\/solucoes-ambientais\/estacao-de-tratamento-de-esgoto\/"]}]},{"@type":"BreadcrumbList","@id":"https:\/\/www.tecma-tecnologia.com.br\/web\/solucoes-ambientais\/estacao-de-tratamento-de-esgoto\/#breadcrumb","itemListElement":[{"@type":"ListItem","position":1,"name":"Home","item":"https:\/\/www.tecma-tecnologia.com.br\/web\/"},{"@type":"ListItem","position":2,"name":"Solu\u00e7\u00f5es Ambientais","item":"https:\/\/www.tecma-tecnologia.com.br\/web\/solucoes-ambientais\/"},{"@type":"ListItem","position":3,"name":"Esta\u00e7\u00e3o de Tratamento de Esgoto"}]},{"@type":"WebSite","@id":"https:\/\/www.tecma-tecnologia.com.br\/web\/#website","url":"https:\/\/www.tecma-tecnologia.com.br\/web\/","name":"TECMA Tecnologia","description":"","potentialAction":[{"@type":"SearchAction","target":{"@type":"EntryPoint","urlTemplate":"https:\/\/www.tecma-tecnologia.com.br\/web\/?s={search_term_string}"},"query-input":"required name=search_term_string"}],"inLanguage":"pt-BR"}]}},"_links":{"self":[{"href":"https:\/\/www.tecma-tecnologia.com.br\/web\/wp-json\/wp\/v2\/pages\/272","targetHints":{"allow":["GET"]}}],"collection":[{"href":"https:\/\/www.tecma-tecnologia.com.br\/web\/wp-json\/wp\/v2\/pages"}],"about":[{"href":"https:\/\/www.tecma-tecnologia.com.br\/web\/wp-json\/wp\/v2\/types\/page"}],"author":[{"embeddable":true,"href":"https:\/\/www.tecma-tecnologia.com.br\/web\/wp-json\/wp\/v2\/users\/1"}],"replies":[{"embeddable":true,"href":"https:\/\/www.tecma-tecnologia.com.br\/web\/wp-json\/wp\/v2\/comments?post=272"}],"version-history":[{"count":7,"href":"https:\/\/www.tecma-tecnologia.com.br\/web\/wp-json\/wp\/v2\/pages\/272\/revisions"}],"predecessor-version":[{"id":3484,"href":"https:\/\/www.tecma-tecnologia.com.br\/web\/wp-json\/wp\/v2\/pages\/272\/revisions\/3484"}],"up":[{"embeddable":true,"href":"https:\/\/www.tecma-tecnologia.com.br\/web\/wp-json\/wp\/v2\/pages\/433"}],"wp:attachment":[{"href":"https:\/\/www.tecma-tecnologia.com.br\/web\/wp-json\/wp\/v2\/media?parent=272"}],"curies":[{"name":"wp","href":"https:\/\/api.w.org\/{rel}","templated":true}]}}